{"id":7051,"date":"2026-01-26T09:20:38","date_gmt":"2026-01-26T09:20:38","guid":{"rendered":"https:\/\/sophie-scholl-schule.eu\/?page_id=7051"},"modified":"2026-01-26T09:20:38","modified_gmt":"2026-01-26T09:20:38","slug":"franzoesisch","status":"publish","type":"page","link":"https:\/\/sophie-scholl-schule.eu\/?page_id=7051","title":{"rendered":"Franz\u00f6sisch"},"content":{"rendered":"\n<p><strong>BIENVENUE CHEZ NOUS!<\/strong><\/p>\n\n\n\n<p><strong>Herzlich Willkommen bei uns!<\/strong><\/p>\n\n\n\n<p><strong>Warum Franz\u00f6sisch lernen?<\/strong><strong><\/strong><\/p>\n\n\n\n<p>Frankreich ist unser direkter Nachbar und unsere Geschichte und Kultur ist zum Teil eng verwoben mit der franz\u00f6sischen.<\/p>\n\n\n\n<p>Viele franz\u00f6sische W\u00f6rter wirst du in der deutschen Sprache wiederentdecken.<\/p>\n\n\n\n<p>Franz\u00f6sisch wird von mehr als 160 Millionen Menschen in mehr als 52 L\u00e4ndern auf der ganzen Welt, darunter in vier unserer Nachbarl\u00e4nder, gesprochen.<\/p>\n\n\n\n<p>Franz\u00f6sisch er\u00f6ffnet dir M\u00f6glichkeiten bei der Berufswahl, denn Frankreich und Deutschland sind wichtige Handelspartner und arbeiten auch in den Bereichen Wissenschaft, Technik und Kultur miteinander.<\/p>\n\n\n\n<p>Das DFJW (Deutsch Franz\u00f6sische Jugendwerk) f\u00f6rdert mit vielen Subventionen und Aktionen das Kennenlernen Frankreichs zum Beispiel bei einem Sch\u00fcleraustausch an unserer Schule (11. Klasse) oder einem individuellen Austausch (Brigitte Sauzay \u2013Programm).<\/p>\n\n\n\n<ul class=\"wp-block-list\">\n<li>Frankreich ist einfach ein \u00a0wundersch\u00f6nes Reiseland mit den unterschiedlichsten, faszinierenden Landschaften. Es hat drei Gebirge (die Alpen, die Cevennen, die Pyren\u00e4en) und drei Meere (das Mittelmeer, den Atlantik und den \u00c4rmelkanal)<\/li>\n<\/ul>\n\n\n\n<ul class=\"wp-block-list\">\n<li>Frankreich geh\u00f6rt zu den gr\u00f6\u00dften Kulturnationen der Welt. Seine Literatur (Victor Hugo: Die Elenden, Alexandre Dumas: Der Graf von Monte Christo, Albert Camus: Der Fremde, Simone de Beauvoir: Das zweite Geschlecht, Eric- Emmanuel Schmittt: Monsieur Ibrahim und die Blumen des Koran, Herg\u00e9: Tim und Struppi), sein Kino (Die fabelhafte Welt der Am\u00e9lie, Ziemlich beste Freunde, Monsieur Claude und seine T\u00f6chter), die Kunst und die Museen (Louvre, Notre Dame) und nat\u00fcrlich die franz\u00f6sische K\u00fcche (Tartes, Croissants, Baguettes, Cr\u00eapes) lassen sich einfacher erleben, wenn man die Sprache spricht. Franz\u00f6sische Chansons z\u00e4hlen zwar nicht, wie die franz\u00f6sische elektronische Musikszene, als immaterielles Weltkulturerbe, sind aber wundersch\u00f6n (Charles Trenet: La mer). Die franz\u00f6sischen Rap-Szene z\u00e4hlt zu einer der gr\u00f6\u00dften der Welt (IAM, MC Solaar).<\/li>\n<\/ul>\n\n\n\n<ul class=\"wp-block-list\">\n<li>Franz\u00f6sisch ist neben Englisch die offizielle Arbeitssprache in der EU und vielen internationalen Organisationen wie der UNO, der UNESCO, den Olympischen Spielen.<\/li>\n\n\n\n<li>Spricht man Franz\u00f6sisch, f\u00e4llt es einem leichter, auch Italienisch, Spanisch und Portugiesisch zu lernen.<\/li>\n\n\n\n<li>Franz\u00f6sisch ist eine besonders klangvolle Sprache.<\/li>\n<\/ul>\n\n\n\n<p><strong>Die Wahl der 2. Fremdsprache in der 7. Klasse<\/strong><\/p>\n\n\n\n<p>In den ersten 4 Wochen nach den Sommerferien werdet ihr an der Sophie-Scholl-Schule erst einmal ein Methodentraining in den Hauptf\u00e4chern haben. Eure zuk\u00fcnftigen Franz\u00f6sischlehrerinnen und -lehrer werden dort eine erste Franz\u00f6sischstunde f\u00fcr alle Sch\u00fclerinnen und Sch\u00fcler halten. So k\u00f6nnt ihr euch dann noch entscheiden, welche 2. Fremdsprache es sein soll (Franz\u00f6sisch, Spanisch oder Latein) und ob ihr einen Fremdsprachenbeginn schon in der 7. Klasse wagen wollt. Im Zweifel werden wir euch vorher der endg\u00fcltigen Wahl zusammen mit den Deutsch-und Englischlehrkr\u00e4ften beraten.<\/p>\n\n\n\n<p>\u00dcbrigens k\u00f6nnt ihr leider nicht Franz\u00f6sisch als erste Fremdsprache weiterf\u00fchren.<\/p>\n\n\n\n<p><strong>Ein Hinweis f\u00fcr Sch\u00fcler:innen mit Lese-Rechtschreib-Schw\u00e4che (LRS)<\/strong><\/p>\n\n\n\n<p>F\u00fcr Sch\u00fcler:innen mit LRS kann Franz\u00f6sisch anspruchsvoller sein als zum Beispiel Spanisch oder Latein. Das liegt daran, dass im Franz\u00f6sischen viele Buchstaben nicht ausgesprochen werden und Laut und Schriftbild oft nicht eindeutig zusammenpassen. Das macht das Lesen, Schreiben und das Lernen der Grammatik m\u00fchsamer. Wer eine ausgepr\u00e4gte LRS hat, sollte dies bei der Wahl der Fremdsprache Franz\u00f6sisch bedenken.<\/p>\n\n\n\n<p><strong>Du hast dich bereits f\u00fcr Franz\u00f6sisch entschieden?<\/strong><br><br>In der Sekundarstufe I lernst du die Vokabeln und die Grammatik, die du nicht nur f\u00fcr den Alltag brauchst, sondern auch zum Lesen von kleinen Geschichten und Sachtexten.<\/p>\n\n\n\n<p>Wir arbeiten mit dem neuen beliebten Lehrwerk von Cornelsen A toi 1-4.<\/p>\n\n\n\n<p>Wir feiern franz\u00f6sische Traditionen, wie zum Beispiel das gemeinsame Verzehren des 3 K\u00f6nigskuchen zum 6. Januar, den Galettes des Rois, und wir bieten zusammen mit dem Europaschulzweig Franz\u00f6sisch (SESB) verschiedene Aktivit\u00e4ten am 22. Januar, dem Tag der deutsch-franz\u00f6sischen Freundschaft,an.<\/p>\n\n\n\n<p>Bisher haben wir auch jedes Jahr in der 9. Klasse eine Austauschfahrt in die Bretagne organisiert. Dies wird eventuell im n\u00e4chsten Jahr in der 11. Klasse stattfinden.<\/p>\n\n\n\n<p>In der Sekundarstufe II werden dann l\u00e4ngere und schwierigere Texte zu bestimmten Themengebieten gelesen und analysiert, so wie du es auch aus dem Englischunterricht kennst.<\/p>\n\n\n\n<p>Der Unterricht ist dem Englischunterricht \u00e4hnlich, aber man muss, gerade im Anfangsunterricht, zun\u00e4chst sehr flei\u00dfig Vokabeln, Grammatik und die Aussprache \u00fcben und bereit sein, dies nicht nur in den drei Unterrichtsstunden zu tun, sondern auch daheim.<\/p>\n\n\n\n<p>BIENVENUE!!!<\/p>\n","protected":false},"excerpt":{"rendered":"<p>BIENVENUE CHEZ NOUS! Herzlich Willkommen bei uns! Warum Franz\u00f6sisch lernen? Frankreich ist unser direkter Nachbar und unsere Geschichte und Kultur ist zum Teil eng verwoben mit der franz\u00f6sischen. Viele franz\u00f6sische W\u00f6rter wirst du in der deutschen Sprache wiederentdecken. Franz\u00f6sisch wird von mehr als 160 Millionen Menschen in mehr als 52 L\u00e4ndern auf der ganzen Welt, [&hellip;]<\/p>\n","protected":false},"author":1,"featured_media":0,"parent":3966,"menu_order":0,"comment_status":"closed","ping_status":"closed","template":"","meta":{"footnotes":""},"class_list":["post-7051","page","type-page","status-publish","hentry"],"_links":{"self":[{"href":"https:\/\/sophie-scholl-schule.eu\/index.php?rest_route=\/wp\/v2\/pages\/7051","targetHints":{"allow":["GET"]}}],"collection":[{"href":"https:\/\/sophie-scholl-schule.eu\/index.php?rest_route=\/wp\/v2\/pages"}],"about":[{"href":"https:\/\/sophie-scholl-schule.eu\/index.php?rest_route=\/wp\/v2\/types\/page"}],"author":[{"embeddable":true,"href":"https:\/\/sophie-scholl-schule.eu\/index.php?rest_route=\/wp\/v2\/users\/1"}],"replies":[{"embeddable":true,"href":"https:\/\/sophie-scholl-schule.eu\/index.php?rest_route=%2Fwp%2Fv2%2Fcomments&post=7051"}],"version-history":[{"count":1,"href":"https:\/\/sophie-scholl-schule.eu\/index.php?rest_route=\/wp\/v2\/pages\/7051\/revisions"}],"predecessor-version":[{"id":7052,"href":"https:\/\/sophie-scholl-schule.eu\/index.php?rest_route=\/wp\/v2\/pages\/7051\/revisions\/7052"}],"up":[{"embeddable":true,"href":"https:\/\/sophie-scholl-schule.eu\/index.php?rest_route=\/wp\/v2\/pages\/3966"}],"wp:attachment":[{"href":"https:\/\/sophie-scholl-schule.eu\/index.php?rest_route=%2Fwp%2Fv2%2Fmedia&parent=7051"}],"curies":[{"name":"wp","href":"https:\/\/api.w.org\/{rel}","templated":true}]}}