{"id":7013,"date":"2026-01-18T15:45:45","date_gmt":"2026-01-18T15:45:45","guid":{"rendered":"https:\/\/sophie-scholl-schule.eu\/?page_id=7013"},"modified":"2026-01-18T15:45:45","modified_gmt":"2026-01-18T15:45:45","slug":"chemie","status":"publish","type":"page","link":"https:\/\/sophie-scholl-schule.eu\/?page_id=7013","title":{"rendered":"Chemie"},"content":{"rendered":"\n<p><em>Staunen ist der Samen des Wissens.<\/em><\/p>\n\n\n\n<p>&nbsp; &nbsp; &nbsp; &nbsp; &nbsp;&nbsp; &nbsp;&nbsp;&nbsp;&nbsp;&nbsp;&nbsp;&nbsp;&nbsp;&nbsp;&nbsp;&nbsp;&nbsp;&nbsp;&nbsp;&nbsp;&nbsp;&nbsp;&nbsp;&nbsp;&nbsp;&nbsp;&nbsp;&nbsp; &nbsp; &nbsp; &nbsp; &nbsp; &nbsp;&nbsp;&nbsp;&nbsp;&nbsp;&nbsp;&nbsp;&nbsp;&nbsp;&nbsp;&nbsp; Sir Francis Bacon<\/p>\n\n\n\n<figure class=\"wp-block-image aligncenter size-large is-resized\"><img loading=\"lazy\" decoding=\"async\" width=\"1030\" height=\"687\" src=\"https:\/\/sophie-scholl-schule.eu\/wp-content\/uploads\/2026\/01\/Unbenannt-1030x687.jpg\" alt=\"\" class=\"wp-image-7014\" style=\"aspect-ratio:1.4993118392925122;width:363px;height:auto\" srcset=\"https:\/\/sophie-scholl-schule.eu\/wp-content\/uploads\/2026\/01\/Unbenannt-1030x687.jpg 1030w, https:\/\/sophie-scholl-schule.eu\/wp-content\/uploads\/2026\/01\/Unbenannt-300x200.jpg 300w, https:\/\/sophie-scholl-schule.eu\/wp-content\/uploads\/2026\/01\/Unbenannt-768x513.jpg 768w, https:\/\/sophie-scholl-schule.eu\/wp-content\/uploads\/2026\/01\/Unbenannt-1536x1025.jpg 1536w, https:\/\/sophie-scholl-schule.eu\/wp-content\/uploads\/2026\/01\/Unbenannt-2048x1367.jpg 2048w, https:\/\/sophie-scholl-schule.eu\/wp-content\/uploads\/2026\/01\/Unbenannt-1500x1001.jpg 1500w, https:\/\/sophie-scholl-schule.eu\/wp-content\/uploads\/2026\/01\/Unbenannt-705x471.jpg 705w\" sizes=\"auto, (max-width: 1030px) 100vw, 1030px\" \/><\/figure>\n\n\n\n<p>Das Fach Chemie wird in den Klassen 8 bis 11 mit jeweils zwei Stunden pro Woche unterrichtet. In der Oberstufe bieten wir Grundkurse (3 Stunden\/Woche) und Leistungskurse (5 Stunden\/Woche) an.<\/p>\n\n\n\n<p>In unserem Unterricht spielt das Sch\u00fclerexperiment eine zentrale Rolle. Durch unsere kleinen Gruppen, die gut ausgestatteten Fachr\u00e4ume und die umfangreiche Sammlung mit \u201eklassischen Ger\u00e4ten und Chemikalien\u201c haben alle die M\u00f6glichkeit, das selbstst\u00e4ndige Experimentieren sicher zu erlernen und zu \u00fcben.<\/p>\n\n\n\n<p>In den letzten Jahren wurde mit hohem finanziellem Aufwand und intensiver methodisch\/konzeptioneller Arbeit der Bereich \u201edigitale Messwerterfassung und -verarbeitung\u201c etabliert. Gerade in den komplexeren Experimenten der Oberstufe nutzen wir nun zunehmend diese Systeme, z.B. bei kalorimetrischen Untersuchungen und der Titration. &nbsp;&nbsp;<\/p>\n\n\n\n<p>\u00a0Daneben gibt es eine gro\u00dfe Vielfalt weiterer moderner Unterrichtmedien wie interaktive Modelle und digitale Arbeitsger\u00e4te<em>\u00a0<\/em>f\u00fcr Sch\u00fcler. Seit 2017 sind alle unsere Fachr\u00e4ume mit interaktiven Whiteboards ausgestattet, zudem gibt es einen mobilen Laptopwagen und auch Tablets, mit denen allen Sch\u00fclern ein Rechner im Unterricht zur Verf\u00fcgung gestellt werden kann.<\/p>\n\n\n\n<p><\/p>\n","protected":false},"excerpt":{"rendered":"<p>Staunen ist der Samen des Wissens. &nbsp; &nbsp; &nbsp; &nbsp; &nbsp;&nbsp; &nbsp;&nbsp;&nbsp;&nbsp;&nbsp;&nbsp;&nbsp;&nbsp;&nbsp;&nbsp;&nbsp;&nbsp;&nbsp;&nbsp;&nbsp;&nbsp;&nbsp;&nbsp;&nbsp;&nbsp;&nbsp;&nbsp;&nbsp; &nbsp; &nbsp; &nbsp; &nbsp; &nbsp;&nbsp;&nbsp;&nbsp;&nbsp;&nbsp;&nbsp;&nbsp;&nbsp;&nbsp;&nbsp; Sir Francis Bacon Das Fach Chemie wird in den Klassen 8 bis 11 mit jeweils zwei Stunden pro Woche unterrichtet. In der Oberstufe bieten wir Grundkurse (3 Stunden\/Woche) und Leistungskurse (5 Stunden\/Woche) an. In unserem Unterricht spielt das [&hellip;]<\/p>\n","protected":false},"author":1,"featured_media":0,"parent":3966,"menu_order":0,"comment_status":"closed","ping_status":"closed","template":"","meta":{"footnotes":""},"class_list":["post-7013","page","type-page","status-publish","hentry"],"_links":{"self":[{"href":"https:\/\/sophie-scholl-schule.eu\/index.php?rest_route=\/wp\/v2\/pages\/7013","targetHints":{"allow":["GET"]}}],"collection":[{"href":"https:\/\/sophie-scholl-schule.eu\/index.php?rest_route=\/wp\/v2\/pages"}],"about":[{"href":"https:\/\/sophie-scholl-schule.eu\/index.php?rest_route=\/wp\/v2\/types\/page"}],"author":[{"embeddable":true,"href":"https:\/\/sophie-scholl-schule.eu\/index.php?rest_route=\/wp\/v2\/users\/1"}],"replies":[{"embeddable":true,"href":"https:\/\/sophie-scholl-schule.eu\/index.php?rest_route=%2Fwp%2Fv2%2Fcomments&post=7013"}],"version-history":[{"count":1,"href":"https:\/\/sophie-scholl-schule.eu\/index.php?rest_route=\/wp\/v2\/pages\/7013\/revisions"}],"predecessor-version":[{"id":7015,"href":"https:\/\/sophie-scholl-schule.eu\/index.php?rest_route=\/wp\/v2\/pages\/7013\/revisions\/7015"}],"up":[{"embeddable":true,"href":"https:\/\/sophie-scholl-schule.eu\/index.php?rest_route=\/wp\/v2\/pages\/3966"}],"wp:attachment":[{"href":"https:\/\/sophie-scholl-schule.eu\/index.php?rest_route=%2Fwp%2Fv2%2Fmedia&parent=7013"}],"curies":[{"name":"wp","href":"https:\/\/api.w.org\/{rel}","templated":true}]}}