{"id":6814,"date":"2025-08-19T08:58:23","date_gmt":"2025-08-19T08:58:23","guid":{"rendered":"https:\/\/sophie-scholl-schule.eu\/?page_id=6814"},"modified":"2026-02-01T06:56:21","modified_gmt":"2026-02-01T06:56:21","slug":"mitmachen","status":"publish","type":"page","link":"https:\/\/sophie-scholl-schule.eu\/?page_id=6814","title":{"rendered":"Mitmachen"},"content":{"rendered":"\n<p><strong>Sie k\u00f6nnen die Projekte des F\u00f6rdervereins sowohl&nbsp; finanziell als auch tatkr\u00e4ftig unterst\u00fctzen.<\/strong><\/p>\n\n\n\n<p>Ihre Unterst\u00fctzung bringt Ihnen einen ganz besonderen Gewinn:&nbsp; Zu allererst die Gewissheit und die Freude ein elterninitiatives Projekt erster G\u00fcte zu f\u00f6rdern. Nur dank Ihrer Hilfe&nbsp; kann die Schule weiterhin ein angesehenes Forum zur Ermutigung und Unterst\u00fctzung kreativer und von Sch\u00fclern selbst oder Lehrern initiierter Projekte, die \u00fcber den Schulalltag hinausgehen, sein.<\/p>\n\n\n\n<p>Wenn Sie sich praktisch einbringen wollen: Sie unterst\u00fctzen die Kernaktivit\u00e4ten des F\u00f6rdervereins (F\u00f6rderprojekte und Sch\u00fcleraustauschprogramme erm\u00f6glichen, finanzieren, ggf. initiieren) oder Sie arbeiten bei unseren Veranstaltungen bei vielen logistischen Herausforderungen mit. Im Rahmen des Elternkompetenz-Netzwerkes stellen Sie Ihre F\u00e4higkeiten, Ihr Wissen oder einfach Ihre Begleitung bei Schulaktivit\u00e4ten zur Verf\u00fcgung.<\/p>\n\n\n\n<p>Was kostet die Mitgliedschaft im F\u00f6rderverein?<\/p>\n\n\n\n<figure class=\"wp-block-table\"><table class=\"has-fixed-layout\"><tbody><tr><td>Erwachsene<br>Sch\u00fclerinnen, Sch\u00fcler, Studierende<\/td><td>26 Euro<br>13 Euro<\/td><\/tr><\/tbody><\/table><\/figure>\n\n\n\n<p><strong>Wie kann ich Mitglied werden?<\/strong><a href=\"https:\/\/fv.sophie-scholl-schule.eu\/component\/chronocontact\/?chronoformname=Beitritt\"><br><\/a><br>Sie k\u00f6nnen das&nbsp;<a href=\"https:\/\/fv.sophie-scholl-schule.eu\/download\/download-formulare\">Beitrittsformular<\/a>&nbsp;herunterladen und ausf\u00fcllen. Sie k\u00f6nnen es&nbsp;<a href=\"https:\/\/fv.sophie-scholl-schule.eu\/download\/download-formulare\">am Rechner ausf\u00fcllen und ausdrucken<\/a>&nbsp;Anschlie\u00dfend m\u00fcssen Sie es aber als Anlage an&nbsp;&nbsp;<a href=\"mailto:%20fv@sophie-scholl-schule.de\"><\/a><a href=\"mailto:fv@sophie-scholl-schule.eu\">fv@sophie-scholl-schule.eu<\/a>&nbsp;schicken.&nbsp; In kurzer Zeit erhalten Sie von uns eine Best\u00e4tigung.<\/p>\n\n\n\n<p><strong>Sie wollen spenden?<\/strong><\/p>\n\n\n\n<p>Spenden sind herzlich willkommen. Sie k\u00f6nnen auch zweckgebunden eingesetzt werden. Kontaktieren Sie uns unter&nbsp;<a href=\"https:\/\/fv.sophie-scholl-schule.eu\/kontakt-webmaster\">fv(at)sophie-scholl-schule.eu<\/a>. Eine Spendenbescheinigung wird Ihnen selbstverst\u00e4ndlich ausgestellt.<\/p>\n\n\n\n<p>Konto des F\u00f6rdervereins bei der BBBank:<br>IBAN: DE02660908000004604210, BIC: GENODE61BBB<\/p>\n\n\n\n<p><strong>Sie wollen mehr erfahren?<\/strong><\/p>\n\n\n\n<p>Besuchen Sie uns zu den monatlichen Beiratssitzungen oder sprechen Sie uns an unserem Infostand (Treppenhaus vor dem Sekretariat) bei \u00f6ffentlichen Veranstaltungen der Schule einfach an.<\/p>\n\n\n\n<p>Wir freuen uns auf Sie!<\/p>\n\n\n\n<p><\/p>\n","protected":false},"excerpt":{"rendered":"<p>Sie k\u00f6nnen die Projekte des F\u00f6rdervereins sowohl&nbsp; finanziell als auch tatkr\u00e4ftig unterst\u00fctzen. Ihre Unterst\u00fctzung bringt Ihnen einen ganz besonderen Gewinn:&nbsp; Zu allererst die Gewissheit und die Freude ein elterninitiatives Projekt erster G\u00fcte zu f\u00f6rdern. Nur dank Ihrer Hilfe&nbsp; kann die Schule weiterhin ein angesehenes Forum zur Ermutigung und Unterst\u00fctzung kreativer und von Sch\u00fclern selbst oder [&hellip;]<\/p>\n","protected":false},"author":7,"featured_media":0,"parent":6604,"menu_order":0,"comment_status":"closed","ping_status":"closed","template":"","meta":{"footnotes":""},"class_list":["post-6814","page","type-page","status-publish","hentry"],"_links":{"self":[{"href":"https:\/\/sophie-scholl-schule.eu\/index.php?rest_route=\/wp\/v2\/pages\/6814","targetHints":{"allow":["GET"]}}],"collection":[{"href":"https:\/\/sophie-scholl-schule.eu\/index.php?rest_route=\/wp\/v2\/pages"}],"about":[{"href":"https:\/\/sophie-scholl-schule.eu\/index.php?rest_route=\/wp\/v2\/types\/page"}],"author":[{"embeddable":true,"href":"https:\/\/sophie-scholl-schule.eu\/index.php?rest_route=\/wp\/v2\/users\/7"}],"replies":[{"embeddable":true,"href":"https:\/\/sophie-scholl-schule.eu\/index.php?rest_route=%2Fwp%2Fv2%2Fcomments&post=6814"}],"version-history":[{"count":4,"href":"https:\/\/sophie-scholl-schule.eu\/index.php?rest_route=\/wp\/v2\/pages\/6814\/revisions"}],"predecessor-version":[{"id":7059,"href":"https:\/\/sophie-scholl-schule.eu\/index.php?rest_route=\/wp\/v2\/pages\/6814\/revisions\/7059"}],"up":[{"embeddable":true,"href":"https:\/\/sophie-scholl-schule.eu\/index.php?rest_route=\/wp\/v2\/pages\/6604"}],"wp:attachment":[{"href":"https:\/\/sophie-scholl-schule.eu\/index.php?rest_route=%2Fwp%2Fv2%2Fmedia&parent=6814"}],"curies":[{"name":"wp","href":"https:\/\/api.w.org\/{rel}","templated":true}]}}