{"id":6314,"date":"2024-11-24T20:36:41","date_gmt":"2024-11-24T20:36:41","guid":{"rendered":"https:\/\/sophie-scholl-schule.eu\/?page_id=6314"},"modified":"2024-11-24T20:36:42","modified_gmt":"2024-11-24T20:36:42","slug":"englisch","status":"publish","type":"page","link":"https:\/\/sophie-scholl-schule.eu\/?page_id=6314","title":{"rendered":"Englisch"},"content":{"rendered":"\n<h2 class=\"wp-block-heading\">Englisch<\/h2>\n\n\n\n<p>Englisch wird an der Sophie-Scholl-Schule als erste bzw. zweite Fremdsprache in den Klassenstufen 7 bis 10 drei- bis vierst\u00fcndig unterrichtet.<\/p>\n\n\n\n<p>In den Regelklassen findet der Unterricht im ersten Halbjahr der 7. Klasse im Klassenverband statt. Nach diesem halben Jahr Begleitung und gr\u00fcndlicher Diagnose folgt zum zweiten Halbjahr der Unterricht in leistungsdifferenzierten Kursen, den Grund- und Erweiterungskursen (GR- und ER-Kurse), so dass die Sch\u00fclerinnen und Sch\u00fcler gem\u00e4\u00df ihren F\u00e4higkeiten gef\u00f6rdert und gefordert werden k\u00f6nnen. Abh\u00e4ngig von ihrer Entwicklung und Leistung haben sie die M\u00f6glichkeit, am Ende jedes Schulhalbjahres bis zur 10. Klasse die Kurse zu wechseln.<\/p>\n\n\n\n<p>In den Klassen der staatlichen Europaschule (SESB) ist Englisch die zweite Fremdsprache und wird in Jahrg\u00e4ngen der Sekundarstufe I im Klassenverband ohne Leistungsdifferenzier-ung unterrichtet.<\/p>\n\n\n\n<p>Neben der Vorbereitung auf den Mittleren Schulabschluss (MSA) am Ende der 10. Klasse, der eine schriftliche und m\u00fcndliche Pr\u00fcfung umfasst, liegt der Schwerpunkt auf der kontinuierlichen F\u00f6rderung der kommunikativen und interkulturellen Kompetenzen. Die Sch\u00fclerinnen und Sch\u00fcler lernen, in lebensnahen Situationen in der Fremdsprache angemessen zu agieren und zu reagieren, unterst\u00fctzt durch vielf\u00e4ltige Materialien und Medien. Eigenst\u00e4ndig erstellte Produkte rund um die verwendeten Lehrb\u00fccher und Lekt\u00fcren f\u00f6rdern nicht nur die sprachliche Kompetenz, sondern auch die Kreativit\u00e4t der Sch\u00fclerinnen und Sch\u00fcler.<\/p>\n\n\n\n<p>Nach der 10. Klasse folgt der 11. Jahrgang, die Einf\u00fchrungsphase. Hier vertiefen und erweitern die Sch\u00fclerinnen und Sch\u00fcler die in der Sekundarstufe I erworbenen Kompetenzen und bereiten sich auf die Anforderungen in der Qualifikationsphase vor. Im Vordergrund steht das Ein\u00fcben der dort g\u00e4ngigen Aufgabenformate sowie das Formulieren umfangreicher, komplexer Texte in angemessener sprachlicher Form.<\/p>\n\n\n\n<p>Der Englischunterricht ist im 11. Jahrgang auf grundlegendem Niveau f\u00fcr alleSch\u00fclerinnen und Sch\u00fcler verpflichtend und wird dreist\u00fcndig im Klassenverband unterrichtet. Zur Vorbereitung auf einen Leistungskurs im Fach Englisch kann zudem ein zweist\u00fcndiges Wahlpflichtfach Englisch belegt werden.<\/p>\n\n\n\n<p>Am Ende der Einf\u00fchrungsphase erreichen die Sch\u00fclerinnen und Sch\u00fcler die notwendigen Voraussetzungen f\u00fcr ein erfolgreiches Lernen in der Qualifikationsphase.<\/p>\n\n\n\n<p>In den Jahrgangsstufen 12 und 13, der Qualifikationsphase, geh\u00f6rt Englisch zu den am h\u00e4ufigsten gew\u00e4hlten Leistungskursen an unserer Schule und wird f\u00fcnfst\u00fcndig unterrichtet. Alternativ werden mehrere dreist\u00fcndige Grundkurse angeboten.<\/p>\n","protected":false},"excerpt":{"rendered":"<p>Englisch Englisch wird an der Sophie-Scholl-Schule als erste bzw. zweite Fremdsprache in den Klassenstufen 7 bis 10 drei- bis vierst\u00fcndig unterrichtet. In den Regelklassen findet der Unterricht im ersten Halbjahr der 7. Klasse im Klassenverband statt. Nach diesem halben Jahr Begleitung und gr\u00fcndlicher Diagnose folgt zum zweiten Halbjahr der Unterricht in leistungsdifferenzierten Kursen, den Grund- [&hellip;]<\/p>\n","protected":false},"author":1,"featured_media":0,"parent":3966,"menu_order":0,"comment_status":"closed","ping_status":"closed","template":"","meta":{"footnotes":""},"class_list":["post-6314","page","type-page","status-publish","hentry"],"_links":{"self":[{"href":"https:\/\/sophie-scholl-schule.eu\/index.php?rest_route=\/wp\/v2\/pages\/6314","targetHints":{"allow":["GET"]}}],"collection":[{"href":"https:\/\/sophie-scholl-schule.eu\/index.php?rest_route=\/wp\/v2\/pages"}],"about":[{"href":"https:\/\/sophie-scholl-schule.eu\/index.php?rest_route=\/wp\/v2\/types\/page"}],"author":[{"embeddable":true,"href":"https:\/\/sophie-scholl-schule.eu\/index.php?rest_route=\/wp\/v2\/users\/1"}],"replies":[{"embeddable":true,"href":"https:\/\/sophie-scholl-schule.eu\/index.php?rest_route=%2Fwp%2Fv2%2Fcomments&post=6314"}],"version-history":[{"count":1,"href":"https:\/\/sophie-scholl-schule.eu\/index.php?rest_route=\/wp\/v2\/pages\/6314\/revisions"}],"predecessor-version":[{"id":6315,"href":"https:\/\/sophie-scholl-schule.eu\/index.php?rest_route=\/wp\/v2\/pages\/6314\/revisions\/6315"}],"up":[{"embeddable":true,"href":"https:\/\/sophie-scholl-schule.eu\/index.php?rest_route=\/wp\/v2\/pages\/3966"}],"wp:attachment":[{"href":"https:\/\/sophie-scholl-schule.eu\/index.php?rest_route=%2Fwp%2Fv2%2Fmedia&parent=6314"}],"curies":[{"name":"wp","href":"https:\/\/api.w.org\/{rel}","templated":true}]}}