{"id":4376,"date":"2024-10-30T19:06:51","date_gmt":"2024-10-30T19:06:51","guid":{"rendered":"https:\/\/sophie-scholl-schule.eu\/?page_id=4376"},"modified":"2025-06-11T12:49:01","modified_gmt":"2025-06-11T12:49:01","slug":"musical-2","status":"publish","type":"page","link":"https:\/\/sophie-scholl-schule.eu\/?page_id=4376","title":{"rendered":"Musical"},"content":{"rendered":"\n<h2 class=\"wp-block-heading\">Musical<\/h2>\n\n\n\n<p>Was im Jahr 1986 unter der Leitung unserer ehemaligen Kolleginnen Margrit Jacobsen und Susanne J\u00fcdes mit kleinen Revuen, Kabaretts, szenischen Collagen und ohne nennenswerte technische Ausstattung begann, hat sich im Laufe der Jahrzehnte unter ihrer Leitung zum gr\u00f6\u00dften regelm\u00e4\u00dfigen Musikprojekt an der Sophie-Scholl-Schule entwickelt. Das Scholl-Musical ist mittlerweile zu einer Institution geworden, die das Bild der Schule ma\u00dfgeblich pr\u00e4gt. Der Genre-Fokus liegt dabei jedoch seit \u00fcber zwei Jahrzehnten fast ausschlie\u00dflich auf Musicals.<\/p>\n\n\n\n<p>Unser \u00fcber die Jahrzehnte gewachsenes Konzept ist wie folgt: Sch\u00fcler*innen der 9. bis 13. Klasse, die sich in Ensemblekurs, Musicalchor- und Musicalband-AG engagieren, bringen gemeinsam in gr\u00f6\u00dftm\u00f6glicher Eigenarbeit jedes Schuljahr aufs Neue ein Musical auf die B\u00fchne. Anders als viele andere Schulmusicals verzichten wir dabei bewusst auf das Einbinden externer Fachleute f\u00fcr zentrale planerische Bereiche wie Regie, Choreografie, B\u00fchnenbild, Requisit, Maske oder Kost\u00fcm. Auch engagieren wir keine professionellen Darsteller*innen und Musiker*innen, sondern geben allen motivierten und interessierten Sch\u00fcler*innen die Chance mitzuwirken. Die Teilnehmer*innen bekommen dabei gr\u00f6\u00dftm\u00f6gliche k\u00fcnstlerische und organisatorische Eigenverantwortung f\u00fcr die Umsetzung ihrer Ideen. Das Musical wird also in hohem Ma\u00dfe zu ihrem Projekt. Ziel ist es, den Sch\u00fcler*innen im gesch\u00fctzten Rahmen der Schule eine M\u00f6glichkeit zu er\u00f6ffnen, sich frei als Kulturschaffende ausprobieren und entfalten zu k\u00f6nnen. Die neu gegr\u00fcndete und von ehemaligen Sch\u00fcler*innen geleitete Veranstaltungstechnik-AG unterst\u00fctzt ebenfalls die Musicalarbeit.<\/p>\n\n\n\n<p>Die leitenden Lehrer*innen k\u00fcmmern sich bei all dem \u201enur\u201c um die Gesamtkoordination des Projekts und leiten den Ensemblekurs sowie die Proben der Band und des Chors. Des Weiteren unterst\u00fctzen sie die Sch\u00fcler*innen bei der Einstudierung der solistischen und Ensemble-Parts sowie bei der Umsetzung ihrer k\u00fcnstlerisch-kreativen Ideen.<\/p>\n\n\n\n<figure class=\"wp-block-image aligncenter size-full is-resized\"><img loading=\"lazy\" decoding=\"async\" width=\"950\" height=\"848\" src=\"https:\/\/sophie-scholl-schule.eu\/wp-content\/uploads\/2025\/06\/t7l0xlmMgxRq0hfh.png\" alt=\"\" class=\"wp-image-6750\" style=\"width:208px;height:auto\" srcset=\"https:\/\/sophie-scholl-schule.eu\/wp-content\/uploads\/2025\/06\/t7l0xlmMgxRq0hfh.png 950w, https:\/\/sophie-scholl-schule.eu\/wp-content\/uploads\/2025\/06\/t7l0xlmMgxRq0hfh-300x268.png 300w, https:\/\/sophie-scholl-schule.eu\/wp-content\/uploads\/2025\/06\/t7l0xlmMgxRq0hfh-768x686.png 768w, https:\/\/sophie-scholl-schule.eu\/wp-content\/uploads\/2025\/06\/t7l0xlmMgxRq0hfh-705x629.png 705w\" sizes=\"auto, (max-width: 950px) 100vw, 950px\" \/><\/figure>\n\n\n\n<h2 class=\"wp-block-heading\">Chronik<\/h2>\n\n\n\n<figure class=\"wp-block-table\"><table class=\"has-fixed-layout\"><tbody><tr><td><strong>1986<\/strong><\/td><td><em>Warehouse Life<\/em><\/td><td>Revue<\/td><\/tr><tr><td><strong>1987<\/strong><\/td><td><em>Die Falschm\u00fcnzer<\/em><\/td><td>Operchen von Hans Martin Ritter und Heinz Schreiter<\/td><\/tr><tr><td><strong>1989<\/strong><\/td><td><em>Zwischen Baum und Blei-Die Bleistaubkantate<\/em><\/td><td>Chorszenen von Wilhelm Dieter Siebert<\/td><\/tr><tr><td><strong>1990<\/strong><\/td><td><em>Caf\u00e9 1930<\/em><\/td><td>Revue<\/td><\/tr><tr><td><strong>1992<\/strong><\/td><td><em>Down In The Valley<\/em><\/td><td>Musical nach Kurt Weil<\/td><\/tr><tr><td><strong>1993<\/strong><\/td><td><em>In der Bar zum Krokodil<\/em><\/td><td>Kabarett-Programm<\/td><\/tr><tr><td><strong>1994<\/strong><\/td><td><em>Eupheus &amp; Orrydike<\/em><\/td><td>Szenische Collage<\/td><\/tr><tr><td><strong>1995<\/strong><\/td><td><em>Honey Get Your Broom<\/em><\/td><td>Musical-Collage<\/td><\/tr><tr><td><strong>1996<\/strong><\/td><td><em>Eine j\u00fcdische Geschichte aus Russland<\/em><\/td><td>Musical nach J. Stein und J. Bock<\/td><\/tr><tr><td><strong>1997<\/strong><\/td><td><em>Schweykereyen<\/em><\/td><td>Szenen mit Musik nach Bertolt Brecht und Hanns Eisler<\/td><\/tr><tr><td><strong>1998<\/strong><\/td><td><em>Traumatica<\/em><\/td><td>Revue zum 20. Geburtstag der Sophie-Scholl-Gesamtschule<\/td><\/tr><tr><td><strong>1999<\/strong><\/td><td><em>Bye, Bye, Berlin<\/em><\/td><td>Musical nach John Kanter<\/td><\/tr><tr><td><strong>2000<\/strong><\/td><td><em>Immer Wider Spenstiges oder Shakespeares wunderbare Z\u00e4hmung<\/em><\/td><td>Musical nach Cole Porter<\/td><\/tr><tr><td><strong>2001<\/strong><\/td><td><em>Was, wenn die Welt f\u00e4llt-Lieben und Beschwerden im Himmel und auf Erden<\/em><\/td><td>Musical<\/td><\/tr><tr><td><strong>2002<\/strong><\/td><td><em><a href=\"http:\/\/www.7-Hippies.de\">www.7-Hippies.de<\/a> &#8211; ein \u00f6kologisches Computerm\u00e4rchen<\/em><\/td><td>Musical<\/td><\/tr><tr><td><strong>2003<\/strong><\/td><td><em>Broadway-Melodie 1492<\/em><\/td><td>Musikalische Kom\u00f6die von Jura Soyfer<\/td><\/tr><tr><td><strong>2004<\/strong><\/td><td><em>30-60-90 Grad<\/em><\/td><td>Musical von N. Ramdohr und F. Huby<\/td><\/tr><tr><td><strong>2005<\/strong><\/td><td><em>Heut abend tanzt Lysistrate<\/em><\/td><td>Musical von H.R. Unger<\/td><\/tr><tr><td><strong>2006<\/strong><\/td><td><em>Beggar&#8217;s <a href=\"mailto:Paradise@Gangsters\">Paradise@Gangsters<\/a> Opera<\/em><\/td><td>Musical nach Motiven von Gay, Brecht, Fo<\/td><\/tr><tr><td><strong>2007<\/strong><\/td><td><em>Tanz der Detektive<\/em><\/td><td>Musical<\/td><\/tr><tr><td><strong>2008<\/strong><\/td><td><em>Pinkelstadt<\/em><\/td><td>Musical von G. Kotis und M. Hollmann<\/td><\/tr><tr><td><strong>2009<\/strong><\/td><td><em>Ein Sommernachtstraum<\/em><\/td><td>Musical von E. Jeske und M. Lingnau<\/td><\/tr><tr><td><strong>2010<\/strong><\/td><td><em>Swinging<\/em><\/td><td>Musical von E. Jeske, M. Lingnau u.a.<\/td><\/tr><tr><td><strong>2011<\/strong><\/td><td><em>Strike Up The Band<\/em><\/td><td>Musical von George und Ira Gershwin<\/td><\/tr><tr><td><strong>2012<\/strong><\/td><td><em>By Jupiter<\/em><\/td><td>Rodgers and Hart<\/td><\/tr><tr><td><strong>2013<\/strong><\/td><td><em>Die Bettleroper<\/em><\/td><td>Brecht\/Weil<\/td><\/tr><tr><td><strong>2014<\/strong><\/td><td><em>Hairspray-Das Musical<\/em><\/td><td>Scott Whittman und Marc Shaiman<\/td><\/tr><tr><td><strong>2015<\/strong><\/td><td><em>The Wedding Singer (Eine Hochzeit zum Verlieben)<\/em><\/td><td>&nbsp;Musical von Matthew Sklar, Chad Beguelin und Tim Herlihy<\/td><\/tr><tr><td><strong>2016<\/strong><\/td><td><em>Atlantis<\/em><\/td><td>Musical von Peter Spies, Thomas H\u00f8g und Sune Svanekier<\/td><\/tr><tr><td><strong>2017<\/strong><\/td><td><em>Frankenstein<\/em><\/td><td>Musical von Mel Brooks und Thomas Meehan<\/td><\/tr><tr><td><strong>2018<\/strong><\/td><td><em>9 to 5<\/em><\/td><td>Musical von Dolly Parton<\/td><\/tr><tr><td><strong>2019<\/strong><\/td><td><em>Der kleine Horrorladen<\/em><\/td><td>Musical von Alan Menken und Howard Ashman<\/td><\/tr><tr><td><strong>2022<\/strong><\/td><td><em>Fame<\/em><\/td><td>Idee von David de Silva, Buch: Jos\u00e9 Fernandez, Musik: Steve Margoshes<\/td><\/tr><tr><td><strong>2023<\/strong><\/td><td><em>Sister Act<\/em><\/td><td>Musical von Alan Menken, Glenn Slater, Cheri und Bill Steinkellner sowie Douglas Carter Beane<\/td><\/tr><tr><td><strong>2024<\/strong><\/td><td>The Addams Family<\/td><td>Buch von Marshall Brickman &amp; Rick Blice<br>Musik &amp; Songtextevon Andrew Lippa<\/td><\/tr><tr><td><strong>2025<\/strong><\/td><td>Shrek<\/td><td>Musical von David Lindsay-Abaire und Jeanine Tesori<\/td><\/tr><\/tbody><\/table><\/figure>\n\n\n\n<p><\/p>\n\n\n<ul class=\"wp-block-latest-posts__list is-grid columns-3 has-dates wp-block-latest-posts\"><li><div class=\"wp-block-latest-posts__featured-image aligncenter\"><a href=\"https:\/\/sophie-scholl-schule.eu\/?p=6733\" aria-label=\"MUSICAL \u201eShrek\u201c\"><img decoding=\"async\" loading=\"lazy\" width=\"729\" height=\"1030\" src=\"https:\/\/sophie-scholl-schule.eu\/wp-content\/uploads\/2025\/05\/Poster-Shrek-final2-729x1030.jpg\" class=\"wp-image-6734 avia-img-lazy-loading-6734 attachment-large size-large wp-post-image\" alt=\"\" style=\"\" srcset=\"https:\/\/sophie-scholl-schule.eu\/wp-content\/uploads\/2025\/05\/Poster-Shrek-final2-729x1030.jpg 729w, https:\/\/sophie-scholl-schule.eu\/wp-content\/uploads\/2025\/05\/Poster-Shrek-final2-212x300.jpg 212w, https:\/\/sophie-scholl-schule.eu\/wp-content\/uploads\/2025\/05\/Poster-Shrek-final2-768x1085.jpg 768w, https:\/\/sophie-scholl-schule.eu\/wp-content\/uploads\/2025\/05\/Poster-Shrek-final2-1087x1536.jpg 1087w, https:\/\/sophie-scholl-schule.eu\/wp-content\/uploads\/2025\/05\/Poster-Shrek-final2-1450x2048.jpg 1450w, https:\/\/sophie-scholl-schule.eu\/wp-content\/uploads\/2025\/05\/Poster-Shrek-final2-1062x1500.jpg 1062w, https:\/\/sophie-scholl-schule.eu\/wp-content\/uploads\/2025\/05\/Poster-Shrek-final2-499x705.jpg 499w, https:\/\/sophie-scholl-schule.eu\/wp-content\/uploads\/2025\/05\/Poster-Shrek-final2-scaled.jpg 1812w\" sizes=\"auto, (max-width: 729px) 100vw, 729px\" \/><\/a><\/div><a class=\"wp-block-latest-posts__post-title\" href=\"https:\/\/sophie-scholl-schule.eu\/?p=6733\">MUSICAL \u201eShrek\u201c<\/a><time datetime=\"2025-05-28T13:21:32+00:00\" class=\"wp-block-latest-posts__post-date\">28. Mai 2025<\/time><div class=\"wp-block-latest-posts__post-excerpt\">In diesem Jahr bringt die Sophie-Scholl-Schule&nbsp;Shrek \u2013 Das Musical&nbsp;auf die B\u00fchne. Ein etwas anderes M\u00e4rchen, welches nicht nur von Prinzessinnen\u2026\u00a0<a class=\"wp-block-latest-posts__read-more\" href=\"https:\/\/sophie-scholl-schule.eu\/?p=6733\" rel=\"noopener noreferrer\"><span class=\"screen-reader-text\">MUSICAL \u201eShrek\u201c <\/span>weiterlesen<\/a><\/div><\/li>\n<li><div class=\"wp-block-latest-posts__featured-image aligncenter\"><a href=\"https:\/\/sophie-scholl-schule.eu\/?p=4093\" aria-label=\"Musical &#8222;The Addams Family&#8220;\"><img decoding=\"async\" loading=\"lazy\" width=\"500\" height=\"500\" src=\"https:\/\/sophie-scholl-schule.eu\/wp-content\/uploads\/2024\/06\/Flyer_Addams_Family1-2_thumb.jpg\" class=\"wp-image-4296 avia-img-lazy-loading-4296 attachment-large size-large wp-post-image\" alt=\"\" style=\"\" srcset=\"https:\/\/sophie-scholl-schule.eu\/wp-content\/uploads\/2024\/06\/Flyer_Addams_Family1-2_thumb.jpg 500w, https:\/\/sophie-scholl-schule.eu\/wp-content\/uploads\/2024\/06\/Flyer_Addams_Family1-2_thumb-300x300.jpg 300w, https:\/\/sophie-scholl-schule.eu\/wp-content\/uploads\/2024\/06\/Flyer_Addams_Family1-2_thumb-80x80.jpg 80w, https:\/\/sophie-scholl-schule.eu\/wp-content\/uploads\/2024\/06\/Flyer_Addams_Family1-2_thumb-36x36.jpg 36w, https:\/\/sophie-scholl-schule.eu\/wp-content\/uploads\/2024\/06\/Flyer_Addams_Family1-2_thumb-180x180.jpg 180w\" sizes=\"auto, (max-width: 500px) 100vw, 500px\" \/><\/a><\/div><a class=\"wp-block-latest-posts__post-title\" href=\"https:\/\/sophie-scholl-schule.eu\/?p=4093\">Musical &#8222;The Addams Family&#8220;<\/a><time datetime=\"2024-06-20T15:54:00+00:00\" class=\"wp-block-latest-posts__post-date\">20. Juni 2024<\/time><div class=\"wp-block-latest-posts__post-excerpt\">Die Sch\u00fclerinnen und Sch\u00fcler des Grundkurses Musical sowie der Musical- und der Veranstaltungstechnik-AG freuen sich, euch dieses Jahr unsere Version\u2026\u00a0<a class=\"wp-block-latest-posts__read-more\" href=\"https:\/\/sophie-scholl-schule.eu\/?p=4093\" rel=\"noopener noreferrer\"><span class=\"screen-reader-text\">Musical &#8222;The Addams Family&#8220; <\/span>weiterlesen<\/a><\/div><\/li>\n<li><div class=\"wp-block-latest-posts__featured-image aligncenter\"><a href=\"https:\/\/sophie-scholl-schule.eu\/?p=3532\" aria-label=\"Musical &#8222;Sister Act&#8220;\"><img decoding=\"async\" loading=\"lazy\" width=\"500\" height=\"500\" src=\"https:\/\/sophie-scholl-schule.eu\/wp-content\/uploads\/2023\/06\/sisteract_thumb.jpg\" class=\"wp-image-4407 avia-img-lazy-loading-4407 attachment-large size-large wp-post-image\" alt=\"\" style=\"\" srcset=\"https:\/\/sophie-scholl-schule.eu\/wp-content\/uploads\/2023\/06\/sisteract_thumb.jpg 500w, https:\/\/sophie-scholl-schule.eu\/wp-content\/uploads\/2023\/06\/sisteract_thumb-300x300.jpg 300w, https:\/\/sophie-scholl-schule.eu\/wp-content\/uploads\/2023\/06\/sisteract_thumb-80x80.jpg 80w, https:\/\/sophie-scholl-schule.eu\/wp-content\/uploads\/2023\/06\/sisteract_thumb-36x36.jpg 36w, https:\/\/sophie-scholl-schule.eu\/wp-content\/uploads\/2023\/06\/sisteract_thumb-180x180.jpg 180w\" sizes=\"auto, (max-width: 500px) 100vw, 500px\" \/><\/a><\/div><a class=\"wp-block-latest-posts__post-title\" href=\"https:\/\/sophie-scholl-schule.eu\/?p=3532\">Musical &#8222;Sister Act&#8220;<\/a><time datetime=\"2023-06-02T09:29:16+00:00\" class=\"wp-block-latest-posts__post-date\">2. Juni 2023<\/time><div class=\"wp-block-latest-posts__post-excerpt\">\u00a0SISTER ACT Musik von ALAN MENKEN Gesangstexte von GLENN SLATER Buch von CHERI STEINKELLNER &amp; BILL STEINKELLNER Zus\u00e4tzliches Material (Buch)\u2026\u00a0<a class=\"wp-block-latest-posts__read-more\" href=\"https:\/\/sophie-scholl-schule.eu\/?p=3532\" rel=\"noopener noreferrer\"><span class=\"screen-reader-text\">Musical &#8222;Sister Act&#8220; <\/span>weiterlesen<\/a><\/div><\/li>\n<li><div class=\"wp-block-latest-posts__featured-image aligncenter\"><a href=\"https:\/\/sophie-scholl-schule.eu\/?p=3412\" aria-label=\"FAME &#8211; Das Musical 2022\"><img decoding=\"async\" loading=\"lazy\" width=\"500\" height=\"500\" src=\"https:\/\/sophie-scholl-schule.eu\/wp-content\/uploads\/2022\/05\/fame2_thumb.jpg\" class=\"wp-image-4409 avia-img-lazy-loading-4409 attachment-large size-large wp-post-image\" alt=\"\" style=\"\" srcset=\"https:\/\/sophie-scholl-schule.eu\/wp-content\/uploads\/2022\/05\/fame2_thumb.jpg 500w, https:\/\/sophie-scholl-schule.eu\/wp-content\/uploads\/2022\/05\/fame2_thumb-300x300.jpg 300w, https:\/\/sophie-scholl-schule.eu\/wp-content\/uploads\/2022\/05\/fame2_thumb-80x80.jpg 80w, https:\/\/sophie-scholl-schule.eu\/wp-content\/uploads\/2022\/05\/fame2_thumb-36x36.jpg 36w, https:\/\/sophie-scholl-schule.eu\/wp-content\/uploads\/2022\/05\/fame2_thumb-180x180.jpg 180w\" sizes=\"auto, (max-width: 500px) 100vw, 500px\" \/><\/a><\/div><a class=\"wp-block-latest-posts__post-title\" href=\"https:\/\/sophie-scholl-schule.eu\/?p=3412\">FAME &#8211; Das Musical 2022<\/a><time datetime=\"2022-05-04T09:59:35+00:00\" class=\"wp-block-latest-posts__post-date\">4. Mai 2022<\/time><div class=\"wp-block-latest-posts__post-excerpt\">Fame! \u2013 ewiger Rum, gro\u00dfe Anerkennung und noch gr\u00f6\u00dfere Bewunderung wartet auf die talentierten Sch\u00fcler*innen der New Yorker High School\u2026\u00a0<a class=\"wp-block-latest-posts__read-more\" href=\"https:\/\/sophie-scholl-schule.eu\/?p=3412\" rel=\"noopener noreferrer\"><span class=\"screen-reader-text\">FAME &#8211; Das Musical 2022 <\/span>weiterlesen<\/a><\/div><\/li>\n<li><div class=\"wp-block-latest-posts__featured-image aligncenter\"><a href=\"https:\/\/sophie-scholl-schule.eu\/?p=2951\" aria-label=\"Musical &#8222;Der kleine Horrorladen&#8220;\"><img decoding=\"async\" loading=\"lazy\" width=\"500\" height=\"500\" src=\"https:\/\/sophie-scholl-schule.eu\/wp-content\/uploads\/2019\/04\/horror_thumb.jpg\" class=\"wp-image-4411 avia-img-lazy-loading-4411 attachment-large size-large wp-post-image\" alt=\"\" style=\"\" srcset=\"https:\/\/sophie-scholl-schule.eu\/wp-content\/uploads\/2019\/04\/horror_thumb.jpg 500w, https:\/\/sophie-scholl-schule.eu\/wp-content\/uploads\/2019\/04\/horror_thumb-300x300.jpg 300w, https:\/\/sophie-scholl-schule.eu\/wp-content\/uploads\/2019\/04\/horror_thumb-80x80.jpg 80w, https:\/\/sophie-scholl-schule.eu\/wp-content\/uploads\/2019\/04\/horror_thumb-36x36.jpg 36w, https:\/\/sophie-scholl-schule.eu\/wp-content\/uploads\/2019\/04\/horror_thumb-180x180.jpg 180w\" sizes=\"auto, (max-width: 500px) 100vw, 500px\" \/><\/a><\/div><a class=\"wp-block-latest-posts__post-title\" href=\"https:\/\/sophie-scholl-schule.eu\/?p=2951\">Musical &#8222;Der kleine Horrorladen&#8220;<\/a><time datetime=\"2019-04-01T15:10:45+00:00\" class=\"wp-block-latest-posts__post-date\">1. April 2019<\/time><div class=\"wp-block-latest-posts__post-excerpt\">Blutr\u00fcnstige Pflanze verschlingt Sch\u00fcler \u2013 dieses Jahr im Musical \u201eDer kleine Horrorladen\u201c Wie wird man vom Loser zum Gewinner? In\u2026\u00a0<a class=\"wp-block-latest-posts__read-more\" href=\"https:\/\/sophie-scholl-schule.eu\/?p=2951\" rel=\"noopener noreferrer\"><span class=\"screen-reader-text\">Musical &#8222;Der kleine Horrorladen&#8220; <\/span>weiterlesen<\/a><\/div><\/li>\n<li><div class=\"wp-block-latest-posts__featured-image aligncenter\"><a href=\"https:\/\/sophie-scholl-schule.eu\/?p=2751\" aria-label=\"9 TO 5 &#8211; Das Musical\"><img decoding=\"async\" loading=\"lazy\" width=\"500\" height=\"500\" src=\"https:\/\/sophie-scholl-schule.eu\/wp-content\/uploads\/2018\/05\/9to5_Flyer_ohne_Rechtschreibfehler_thumb.jpg\" class=\"wp-image-4413 avia-img-lazy-loading-4413 attachment-large size-large wp-post-image\" alt=\"\" style=\"\" srcset=\"https:\/\/sophie-scholl-schule.eu\/wp-content\/uploads\/2018\/05\/9to5_Flyer_ohne_Rechtschreibfehler_thumb.jpg 500w, https:\/\/sophie-scholl-schule.eu\/wp-content\/uploads\/2018\/05\/9to5_Flyer_ohne_Rechtschreibfehler_thumb-300x300.jpg 300w, https:\/\/sophie-scholl-schule.eu\/wp-content\/uploads\/2018\/05\/9to5_Flyer_ohne_Rechtschreibfehler_thumb-80x80.jpg 80w, https:\/\/sophie-scholl-schule.eu\/wp-content\/uploads\/2018\/05\/9to5_Flyer_ohne_Rechtschreibfehler_thumb-36x36.jpg 36w, https:\/\/sophie-scholl-schule.eu\/wp-content\/uploads\/2018\/05\/9to5_Flyer_ohne_Rechtschreibfehler_thumb-180x180.jpg 180w\" sizes=\"auto, (max-width: 500px) 100vw, 500px\" \/><\/a><\/div><a class=\"wp-block-latest-posts__post-title\" href=\"https:\/\/sophie-scholl-schule.eu\/?p=2751\">9 TO 5 &#8211; Das Musical<\/a><time datetime=\"2018-05-02T11:40:48+00:00\" class=\"wp-block-latest-posts__post-date\">2. Mai 2018<\/time><div class=\"wp-block-latest-posts__post-excerpt\">\u201eLiegt es daran, dass ich ein engstirniger, sexistischer, egoistischer, verlogener Heuchler bin?\u201c Ja, lautet die Antwort, wenn es sich um\u2026\u00a0<a class=\"wp-block-latest-posts__read-more\" href=\"https:\/\/sophie-scholl-schule.eu\/?p=2751\" rel=\"noopener noreferrer\"><span class=\"screen-reader-text\">9 TO 5 &#8211; Das Musical <\/span>weiterlesen<\/a><\/div><\/li>\n<\/ul>\n\n\n<p class=\"has-text-align-right\"><a href=\"https:\/\/sophie-scholl-schule.eu\/?cat=155\">\u00c4ltere Beitr\u00e4ge anzeigen&#8230;<\/a><\/p>\n","protected":false},"excerpt":{"rendered":"<p>Musical Was im Jahr 1986 unter der Leitung unserer ehemaligen Kolleginnen Margrit Jacobsen und Susanne J\u00fcdes mit kleinen Revuen, Kabaretts, szenischen Collagen und ohne nennenswerte technische Ausstattung begann, hat sich im Laufe der Jahrzehnte unter ihrer Leitung zum gr\u00f6\u00dften regelm\u00e4\u00dfigen Musikprojekt an der Sophie-Scholl-Schule entwickelt. Das Scholl-Musical ist mittlerweile zu einer Institution geworden, die das [&hellip;]<\/p>\n","protected":false},"author":1,"featured_media":0,"parent":4000,"menu_order":0,"comment_status":"closed","ping_status":"closed","template":"","meta":{"footnotes":""},"class_list":["post-4376","page","type-page","status-publish","hentry"],"_links":{"self":[{"href":"https:\/\/sophie-scholl-schule.eu\/index.php?rest_route=\/wp\/v2\/pages\/4376","targetHints":{"allow":["GET"]}}],"collection":[{"href":"https:\/\/sophie-scholl-schule.eu\/index.php?rest_route=\/wp\/v2\/pages"}],"about":[{"href":"https:\/\/sophie-scholl-schule.eu\/index.php?rest_route=\/wp\/v2\/types\/page"}],"author":[{"embeddable":true,"href":"https:\/\/sophie-scholl-schule.eu\/index.php?rest_route=\/wp\/v2\/users\/1"}],"replies":[{"embeddable":true,"href":"https:\/\/sophie-scholl-schule.eu\/index.php?rest_route=%2Fwp%2Fv2%2Fcomments&post=4376"}],"version-history":[{"count":7,"href":"https:\/\/sophie-scholl-schule.eu\/index.php?rest_route=\/wp\/v2\/pages\/4376\/revisions"}],"predecessor-version":[{"id":6752,"href":"https:\/\/sophie-scholl-schule.eu\/index.php?rest_route=\/wp\/v2\/pages\/4376\/revisions\/6752"}],"up":[{"embeddable":true,"href":"https:\/\/sophie-scholl-schule.eu\/index.php?rest_route=\/wp\/v2\/pages\/4000"}],"wp:attachment":[{"href":"https:\/\/sophie-scholl-schule.eu\/index.php?rest_route=%2Fwp%2Fv2%2Fmedia&parent=4376"}],"curies":[{"name":"wp","href":"https:\/\/api.w.org\/{rel}","templated":true}]}}