{"id":4009,"date":"2024-10-27T17:02:42","date_gmt":"2024-10-27T17:02:42","guid":{"rendered":"https:\/\/sophie-scholl-schule.eu\/?page_id=4009"},"modified":"2025-01-12T21:41:20","modified_gmt":"2025-01-12T21:41:20","slug":"big-band","status":"publish","type":"page","link":"https:\/\/sophie-scholl-schule.eu\/?page_id=4009","title":{"rendered":"Big Band"},"content":{"rendered":"\n<h2 class=\"wp-block-heading\"><strong>Let\u2019s GROOVE! \u2026 mit der Scholl BigBand<\/strong><\/h2>\n\n\n\n<figure class=\"wp-block-image aligncenter size-full is-resized\"><img loading=\"lazy\" decoding=\"async\" width=\"800\" height=\"733\" src=\"https:\/\/sophie-scholl-schule.eu\/wp-content\/uploads\/2024\/10\/BigBand1.jpg\" alt=\"\" class=\"wp-image-4010\" style=\"width:400px\" srcset=\"https:\/\/sophie-scholl-schule.eu\/wp-content\/uploads\/2024\/10\/BigBand1.jpg 800w, https:\/\/sophie-scholl-schule.eu\/wp-content\/uploads\/2024\/10\/BigBand1-300x275.jpg 300w, https:\/\/sophie-scholl-schule.eu\/wp-content\/uploads\/2024\/10\/BigBand1-768x704.jpg 768w, https:\/\/sophie-scholl-schule.eu\/wp-content\/uploads\/2024\/10\/BigBand1-705x646.jpg 705w\" sizes=\"auto, (max-width: 800px) 100vw, 800px\" \/><\/figure>\n\n\n\n<p>Die SCHOLL BIGBAND unter der Leitung der Instrumentallehrer Christian Fischer und Stefan Kapitzke gibt es an der Sophie Scholl Schule seit dem Herbst 2015.<\/p>\n\n\n\n<p>Ziel ist es, ein Repertoire aus fetzigen und interessanten Titeln zu erarbeiten und st\u00e4ndig zu erweitern. Der SPASS steht dabei im Vordergrund! Die Band geh\u00f6rt zur JAZZKOOPERATIVE BERLINER SCHULEN und ist somit Teil des schul\u00fcbergreifenden Konzeptes der Bigband-Nachwuchsf\u00f6rderung. Neben Auftritten in der Schule gab es sehr erfolgreiche Konzerte im Rahmen der Musischen Wochen im Kammermusiksaal der Philharmonie, sowie im Roten Rathaus, im FEZ Wuhlheide, bei den Bigband Meetings in Kreuzberg und bei zahlreichen Berliner Jazztreffs.<\/p>\n\n\n\n<p><strong>F\u00fcr wen?<\/strong><\/p>\n\n\n\n<p>F\u00fcr alle, die eines der Bigband-Instrumente spielen und schon einige Grundkenntnisse auf dem Instrument haben.<\/p>\n\n\n\n<p>Die Bigband-Instrumente sind:<\/p>\n\n\n\n<p><em>Saxophon&nbsp;&nbsp;&nbsp;&nbsp;&nbsp;&nbsp;&nbsp;&nbsp;&nbsp;&nbsp;&nbsp;&nbsp;&nbsp;&nbsp;&nbsp;&nbsp;&nbsp;&nbsp;&nbsp;&nbsp;&nbsp;&nbsp;&nbsp;&nbsp;&nbsp;&nbsp; Bass<\/em><\/p>\n\n\n\n<p><em>Posaune&nbsp;&nbsp;&nbsp;&nbsp;&nbsp;&nbsp;&nbsp;&nbsp;&nbsp;&nbsp;&nbsp;&nbsp;&nbsp;&nbsp;&nbsp;&nbsp;&nbsp;&nbsp;&nbsp;&nbsp;&nbsp;&nbsp;&nbsp;&nbsp;&nbsp;&nbsp;&nbsp;&nbsp;&nbsp; Schlagzeug<\/em><\/p>\n\n\n\n<p><em>Trompete&nbsp;&nbsp;&nbsp;&nbsp;&nbsp;&nbsp;&nbsp;&nbsp;&nbsp;&nbsp;&nbsp;&nbsp;&nbsp;&nbsp;&nbsp;&nbsp;&nbsp;&nbsp;&nbsp;&nbsp;&nbsp;&nbsp;&nbsp;&nbsp;&nbsp;&nbsp;&nbsp; E-Gitarre<\/em><\/p>\n\n\n\n<p><em>&nbsp;&nbsp;&nbsp;&nbsp;&nbsp;&nbsp;&nbsp;&nbsp;&nbsp;&nbsp;&nbsp;&nbsp;&nbsp;&nbsp;&nbsp;&nbsp;&nbsp;&nbsp;&nbsp;&nbsp;&nbsp;&nbsp;&nbsp;&nbsp;&nbsp;&nbsp;&nbsp;&nbsp;&nbsp;&nbsp;&nbsp;&nbsp;&nbsp;&nbsp;&nbsp;&nbsp;&nbsp;&nbsp;&nbsp;&nbsp;&nbsp;&nbsp;&nbsp;&nbsp;&nbsp;&nbsp;&nbsp;&nbsp;&nbsp;&nbsp;&nbsp;&nbsp; <\/em><em>Klavier<\/em><\/p>\n\n\n\n<figure class=\"wp-block-image alignright size-full is-resized\"><img loading=\"lazy\" decoding=\"async\" width=\"876\" height=\"660\" src=\"https:\/\/sophie-scholl-schule.eu\/wp-content\/uploads\/2024\/10\/BigBand2.png\" alt=\"\" class=\"wp-image-4011\" style=\"width:500px\" srcset=\"https:\/\/sophie-scholl-schule.eu\/wp-content\/uploads\/2024\/10\/BigBand2.png 876w, https:\/\/sophie-scholl-schule.eu\/wp-content\/uploads\/2024\/10\/BigBand2-300x226.png 300w, https:\/\/sophie-scholl-schule.eu\/wp-content\/uploads\/2024\/10\/BigBand2-768x579.png 768w, https:\/\/sophie-scholl-schule.eu\/wp-content\/uploads\/2024\/10\/BigBand2-705x531.png 705w\" sizes=\"auto, (max-width: 876px) 100vw, 876px\" \/><\/figure>\n\n\n\n<p><strong>Was?<\/strong><\/p>\n\n\n\n<p>Wir spielen mit unserer Band ein breites Repertoire \u2013 von Jazz bis Rock und aktuellen Popsongs. Es gibt tolle Konzerte inner- und au\u00dferhalb der Schule.<\/p>\n\n\n\n<p><strong>Warum?<\/strong><\/p>\n\n\n\n<p>Weil es einfach Spa\u00df macht, zusammen zu swingen, zu grooven, zu rocken. Und weil die Scholl BigBand bei ihren Auftritten immer f\u00fcr ein begeistertes Publikum sorgt.<\/p>\n\n\n\n<p><strong>Wann?<\/strong><\/p>\n\n\n\n<p>Am besten einfach mal bei einer Probe vorbeischauen.<\/p>\n\n\n\n<p>Probenzeit: <strong>Mittwochs &#8211; 18.30 Uhr &#8211; Schul-Aula<\/strong><\/p>\n\n\n\n<p><strong>Kontakt:<\/strong> <strong>schollbigband@gmail.com<\/strong><\/p>\n\n\n\n<p>Leitung: Christian Fischer &amp; Stefan Kapitzke<\/p>\n\n\n\n<p>(<\/p>\n\n\n\n<p><strong>Scholl BigBand<\/strong><\/p>\n\n\n\n<p><\/p>\n","protected":false},"excerpt":{"rendered":"<p>Let\u2019s GROOVE! \u2026 mit der Scholl BigBand Die SCHOLL BIGBAND unter der Leitung der Instrumentallehrer Christian Fischer und Stefan Kapitzke gibt es an der Sophie Scholl Schule seit dem Herbst 2015. Ziel ist es, ein Repertoire aus fetzigen und interessanten Titeln zu erarbeiten und st\u00e4ndig zu erweitern. Der SPASS steht dabei im Vordergrund! Die Band [&hellip;]<\/p>\n","protected":false},"author":5,"featured_media":0,"parent":4000,"menu_order":0,"comment_status":"closed","ping_status":"closed","template":"","meta":{"footnotes":""},"class_list":["post-4009","page","type-page","status-publish","hentry"],"_links":{"self":[{"href":"https:\/\/sophie-scholl-schule.eu\/index.php?rest_route=\/wp\/v2\/pages\/4009","targetHints":{"allow":["GET"]}}],"collection":[{"href":"https:\/\/sophie-scholl-schule.eu\/index.php?rest_route=\/wp\/v2\/pages"}],"about":[{"href":"https:\/\/sophie-scholl-schule.eu\/index.php?rest_route=\/wp\/v2\/types\/page"}],"author":[{"embeddable":true,"href":"https:\/\/sophie-scholl-schule.eu\/index.php?rest_route=\/wp\/v2\/users\/5"}],"replies":[{"embeddable":true,"href":"https:\/\/sophie-scholl-schule.eu\/index.php?rest_route=%2Fwp%2Fv2%2Fcomments&post=4009"}],"version-history":[{"count":1,"href":"https:\/\/sophie-scholl-schule.eu\/index.php?rest_route=\/wp\/v2\/pages\/4009\/revisions"}],"predecessor-version":[{"id":4012,"href":"https:\/\/sophie-scholl-schule.eu\/index.php?rest_route=\/wp\/v2\/pages\/4009\/revisions\/4012"}],"up":[{"embeddable":true,"href":"https:\/\/sophie-scholl-schule.eu\/index.php?rest_route=\/wp\/v2\/pages\/4000"}],"wp:attachment":[{"href":"https:\/\/sophie-scholl-schule.eu\/index.php?rest_route=%2Fwp%2Fv2%2Fmedia&parent=4009"}],"curies":[{"name":"wp","href":"https:\/\/api.w.org\/{rel}","templated":true}]}}