{"id":3992,"date":"2024-10-27T16:39:36","date_gmt":"2024-10-27T16:39:36","guid":{"rendered":"https:\/\/sophie-scholl-schule.eu\/?page_id=3992"},"modified":"2024-10-27T16:40:13","modified_gmt":"2024-10-27T16:40:13","slug":"philosophie","status":"publish","type":"page","link":"https:\/\/sophie-scholl-schule.eu\/?page_id=3992","title":{"rendered":"Philosophie"},"content":{"rendered":"\n<h2 class=\"wp-block-heading\">Philosophie<\/h2>\n\n\n\n<figure class=\"wp-block-image alignright size-full is-resized\"><img loading=\"lazy\" decoding=\"async\" width=\"724\" height=\"363\" src=\"https:\/\/sophie-scholl-schule.eu\/wp-content\/uploads\/2024\/10\/Philosophie.jpg\" alt=\"\" class=\"wp-image-3993\" style=\"width:500px\" srcset=\"https:\/\/sophie-scholl-schule.eu\/wp-content\/uploads\/2024\/10\/Philosophie.jpg 724w, https:\/\/sophie-scholl-schule.eu\/wp-content\/uploads\/2024\/10\/Philosophie-300x150.jpg 300w, https:\/\/sophie-scholl-schule.eu\/wp-content\/uploads\/2024\/10\/Philosophie-705x353.jpg 705w\" sizes=\"auto, (max-width: 724px) 100vw, 724px\" \/><\/figure>\n\n\n\n<p><strong>\u201eSapere aude! Habe Mut, dich deines eigenen Verstandes zu bedienen\u201d<\/strong> \u2013 Immanuel Kant<\/p>\n\n\n\n<p>Genau hierzu will der Philosophie-Unterricht an der Sophie-Scholl-Schule ermuntern: das eigene Selbstverst\u00e4ndnis zu hinterfragen, vermeintlich Gegebenes kritisch zu reflektieren, sich Fragen zu stellen, f\u00fcr die im Alltag kein Raum ist, und auch \u00fcber den ein oder anderen Gedankengang erstaunt zu sein, da er ganz neue Perspektiven er\u00f6ffnet.<\/p>\n\n\n\n<p>Im Gegensatz zu empirischen Wissenschaften h\u00e4lt die Philosophie auf viele Fragen keine klaren Antworten bereit. Das hei\u00dft allerdings nicht, dass hier willk\u00fcrlich alle Meinungen unhinterfragt ihren Platz h\u00e4tten. Ganz im Gegenteil! Klarheit im Denken und \u00fcberzeugendes Argumentieren sind die zentralen Werkzeuge des Philosophieunterrichts. Im Philosophieunterricht geht es darum, die T\u00e4tigkeit des Philosophierens inhaltlich sowie methodisch so einzu\u00fcben, dass Sch\u00fcler*innen dazu bef\u00e4higt werden, den philosophischen Gehalt eigener Gedanken zu erkennen, diese Gedanken philosophisch zu entfalten, philosophische Positionen zu begr\u00fcnden und kontroverse philosophische Standpunkte zu diskutieren. Letztlich ist es das Ziel des Philosophieunterrichts, den Sch\u00fcler*innen und Sch\u00fclern Angebote zu machen, durch die sie Orientierung,&nbsp; Autonomie und Verantwortlichkeit im eigenen Denken, Urteilen und Handeln gewinnen.<\/p>\n\n\n\n<p>Das Fach Philosophie wird an der Sophie-Scholl-Schule in der Sekundarstufe II als Basiskurs in der Einf\u00fchrungsphase (11. Klasse) angeboten. Es vertieft die Auseinandersetzung mit den Themen und Fragen des Ethikunterrichts aus der Sekundarstufe I und stellt sie st\u00e4rker in den Zusammenhang der philosophischen Tradition. In der Qualifikationsphase (12. und 13. Klasse) bieten wir das Fach als Grundkurs an. Die Themen der Kurshalbjahre orientieren sich an Fragen des Menschen und der Gesellschaft, der Ethik, der Erkenntnis und des Seins an sich.<\/p>\n\n\n\n<p>In der Abiturpr\u00fcfung kann das Fach Philosophie als 3. (schriftlich) oder 4. Pr\u00fcfungsfach (m\u00fcndlich) belegt werden. Voraussetzung daf\u00fcr ist die Teilnahme am Grundkurs in allen vier Kurshalbjahren.<br>Dar\u00fcber hinaus kann Philosophie als Referenz- sowie Bezugsfach f\u00fcr die 5. Pr\u00fcfungskomponente im Abitur gew\u00e4hlt werden. Gerne beraten wir Pr\u00fcflinge, die sich f\u00fcr eine Pr\u00e4sentationspr\u00fcfung oder eine BLL mit einem philosophischen Themenschwerpunkt interessieren.<\/p>\n\n\n\n<p><strong>Was die Sch\u00fcler*innen unserer Schule \u00fcber Philosophie denken:<\/strong><\/p>\n\n\n\n<p>&nbsp;Philosophie ist&#8230;<\/p>\n\n\n\n<ul class=\"wp-block-list\">\n<li>das Aufbrechen der Ketten, in denen wir liegen (Yunis).<\/li>\n\n\n\n<li>die Kunst des Hinterfragens der eigenen Existenz und des Lebens (Antonia).<\/li>\n\n\n\n<li>die Reflexion \u00fcber Mensch, Gesellschaft und Umwelt, um daraus Erkenntnisse zu gewinnen und unsere Fragen zu beantworten (Sophie).<\/li>\n<\/ul>\n\n\n\n<p>Ich habe das Fach Philosophie gew\u00e4hlt, weil&#8230;<\/p>\n\n\n\n<ul class=\"wp-block-list\">\n<li>ich es mag, dass es meist kein absolut richtig oder falsch gibt. Au\u00dferdem gef\u00e4llt mir, dass man regelm\u00e4\u00dfig in Gruppen diskutiert und man sein kritisches Denken f\u00f6rdert. (Juan)<\/li>\n\n\n\n<li>einem hier die M\u00f6glichkeit gegeben wird, seinen eigenen Verstand zu nutzen und sich ein Bild von der pers\u00f6nlichen Sicht auf die Welt zu machen, vor allem, wenn es um das eigene Verst\u00e4ndnis von Moral geht (Anouk).<\/li>\n\n\n\n<li>ich gerne dar\u00fcber nachdenke, warum die Dinge so sind, wie sie sind, und ob sie nicht auch anders sein k\u00f6nnten. Au\u00dferdem finde ich es sch\u00f6n, dass einem keine bzw. kaum Grenzen im Denken und Hinterfragen gesetzt sind (Amelie).<\/li>\n<\/ul>\n\n\n\n<p><\/p>\n","protected":false},"excerpt":{"rendered":"<p>Philosophie \u201eSapere aude! Habe Mut, dich deines eigenen Verstandes zu bedienen\u201d \u2013 Immanuel Kant Genau hierzu will der Philosophie-Unterricht an der Sophie-Scholl-Schule ermuntern: das eigene Selbstverst\u00e4ndnis zu hinterfragen, vermeintlich Gegebenes kritisch zu reflektieren, sich Fragen zu stellen, f\u00fcr die im Alltag kein Raum ist, und auch \u00fcber den ein oder anderen Gedankengang erstaunt zu sein, [&hellip;]<\/p>\n","protected":false},"author":1,"featured_media":0,"parent":3966,"menu_order":0,"comment_status":"closed","ping_status":"closed","template":"","meta":{"footnotes":""},"class_list":["post-3992","page","type-page","status-publish","hentry"],"_links":{"self":[{"href":"https:\/\/sophie-scholl-schule.eu\/index.php?rest_route=\/wp\/v2\/pages\/3992","targetHints":{"allow":["GET"]}}],"collection":[{"href":"https:\/\/sophie-scholl-schule.eu\/index.php?rest_route=\/wp\/v2\/pages"}],"about":[{"href":"https:\/\/sophie-scholl-schule.eu\/index.php?rest_route=\/wp\/v2\/types\/page"}],"author":[{"embeddable":true,"href":"https:\/\/sophie-scholl-schule.eu\/index.php?rest_route=\/wp\/v2\/users\/1"}],"replies":[{"embeddable":true,"href":"https:\/\/sophie-scholl-schule.eu\/index.php?rest_route=%2Fwp%2Fv2%2Fcomments&post=3992"}],"version-history":[{"count":1,"href":"https:\/\/sophie-scholl-schule.eu\/index.php?rest_route=\/wp\/v2\/pages\/3992\/revisions"}],"predecessor-version":[{"id":3994,"href":"https:\/\/sophie-scholl-schule.eu\/index.php?rest_route=\/wp\/v2\/pages\/3992\/revisions\/3994"}],"up":[{"embeddable":true,"href":"https:\/\/sophie-scholl-schule.eu\/index.php?rest_route=\/wp\/v2\/pages\/3966"}],"wp:attachment":[{"href":"https:\/\/sophie-scholl-schule.eu\/index.php?rest_route=%2Fwp%2Fv2%2Fmedia&parent=3992"}],"curies":[{"name":"wp","href":"https:\/\/api.w.org\/{rel}","templated":true}]}}