{"id":3976,"date":"2024-10-27T16:13:27","date_gmt":"2024-10-27T16:13:27","guid":{"rendered":"https:\/\/sophie-scholl-schule.eu\/?page_id=3976"},"modified":"2024-10-27T16:13:56","modified_gmt":"2024-10-27T16:13:56","slug":"deutsch","status":"publish","type":"page","link":"https:\/\/sophie-scholl-schule.eu\/?page_id=3976","title":{"rendered":"Deutsch"},"content":{"rendered":"\n<h2 class=\"wp-block-heading\">Deutsch<\/h2>\n\n\n\n<p>Vielfalt, individuelle F\u00f6rderung und Transparenz sind die leitenden Ideen unseres Deutschunterrichts. Den Berliner Rahmenlehrplan f\u00fcllen wir anschaulich, lebendig und sch\u00fclernah mit Leben.<\/p>\n\n\n\n<p>Wir f\u00f6rdern nicht nur zum <em>Welttag des Buches<\/em> in den 7. Klassen mit der j\u00e4hrlichen Teilnahme am Unesco-<em>Vorlesewettbewerb<\/em> die Freude am Lesen und lesen nicht nur im Klassenraum, sondern werden auch aktiv:<\/p>\n\n\n\n<p>durch Theaterbesuche und Workshops, Produktion von Booktoks und Lapbooks, Lernvideos und Lekt\u00fcre-Boxen, PowerPoint-Vortr\u00e4ge, Portfolios und Podcasts, Lerntheken, Teilnahme am Wettbewerb &#8222;Jugend debattiert&#8220; \u2026- methodische Vielfalt neben klassischem Frontalunterricht.<\/p>\n\n\n\n<p>Die sinnvolle, aber kritische Nutzung digitaler Medien und K\u00fcnstlicher Intelligenz sind dabei Teil des Unterrichts.<\/p>\n\n\n\n<p>Organisatorisches:<\/p>\n\n\n\n<p>In Klasse 7 erfolgt der Deutschunterricht im Klassenverband; ab dem 8. Jahrgang wird in leistungsdifferenzierten Gruppen auf zwei Niveaustufen gelernt.<\/p>\n\n\n\n<p>Hausaufgaben k\u00f6nnen im 9. und 10. Jahrgang in unseren Sch\u00fclerarbeitsstunden unter Aufsicht einer Lehrkraft angefertigt werden.<\/p>\n\n\n\n<p>In den Klassen der Staatlichen Europaschule (SESB) wird in den Jahrg\u00e4ngen 7 und 8 der Deutschunterricht zus\u00e4tzlich nach Mutter- und Partnersprache differenziert, wodurch eine besondere F\u00f6rderung in Kleingruppen m\u00f6glich wird. Dar\u00fcber hinaus erhalten die Sch\u00fcler*innen in der Partnersprache eine zus\u00e4tzliche Stunde Deutschunterricht. Um Hausaufgaben zu erledigen, gibt es zwei Sch\u00fclerarbeitsstunden w\u00e4hrend des Schultages.<\/p>\n\n\n\n<p>Die Sophie-Scholl-Schule ist bem\u00fcht, den individuellen Bed\u00fcrfnissen von Sch\u00fcler*innen mit Lese-Rechtschreibschwierigkeiten (LRS) durch schulinterne F\u00f6rderdiagnostik und individuelle F\u00f6rderung gerecht zu werden und allen Sch\u00fcler*innen Chancengleichheit zu gew\u00e4hren.<\/p>\n\n\n\n<p><\/p>\n","protected":false},"excerpt":{"rendered":"<p>Deutsch Vielfalt, individuelle F\u00f6rderung und Transparenz sind die leitenden Ideen unseres Deutschunterrichts. Den Berliner Rahmenlehrplan f\u00fcllen wir anschaulich, lebendig und sch\u00fclernah mit Leben. Wir f\u00f6rdern nicht nur zum Welttag des Buches in den 7. Klassen mit der j\u00e4hrlichen Teilnahme am Unesco-Vorlesewettbewerb die Freude am Lesen und lesen nicht nur im Klassenraum, sondern werden auch aktiv: [&hellip;]<\/p>\n","protected":false},"author":1,"featured_media":0,"parent":3966,"menu_order":0,"comment_status":"closed","ping_status":"closed","template":"","meta":{"footnotes":""},"class_list":["post-3976","page","type-page","status-publish","hentry"],"_links":{"self":[{"href":"https:\/\/sophie-scholl-schule.eu\/index.php?rest_route=\/wp\/v2\/pages\/3976","targetHints":{"allow":["GET"]}}],"collection":[{"href":"https:\/\/sophie-scholl-schule.eu\/index.php?rest_route=\/wp\/v2\/pages"}],"about":[{"href":"https:\/\/sophie-scholl-schule.eu\/index.php?rest_route=\/wp\/v2\/types\/page"}],"author":[{"embeddable":true,"href":"https:\/\/sophie-scholl-schule.eu\/index.php?rest_route=\/wp\/v2\/users\/1"}],"replies":[{"embeddable":true,"href":"https:\/\/sophie-scholl-schule.eu\/index.php?rest_route=%2Fwp%2Fv2%2Fcomments&post=3976"}],"version-history":[{"count":1,"href":"https:\/\/sophie-scholl-schule.eu\/index.php?rest_route=\/wp\/v2\/pages\/3976\/revisions"}],"predecessor-version":[{"id":3977,"href":"https:\/\/sophie-scholl-schule.eu\/index.php?rest_route=\/wp\/v2\/pages\/3976\/revisions\/3977"}],"up":[{"embeddable":true,"href":"https:\/\/sophie-scholl-schule.eu\/index.php?rest_route=\/wp\/v2\/pages\/3966"}],"wp:attachment":[{"href":"https:\/\/sophie-scholl-schule.eu\/index.php?rest_route=%2Fwp%2Fv2%2Fmedia&parent=3976"}],"curies":[{"name":"wp","href":"https:\/\/api.w.org\/{rel}","templated":true}]}}

<h2 class="wp-block-heading">Deutsch</h2>



<p>Vielfalt, individuelle Förderung und Transparenz sind die leitenden Ideen unseres Deutschunterrichts. Den Berliner Rahmenlehrplan füllen wir anschaulich, lebendig und schülernah mit Leben.</p>



<p>Wir fördern nicht nur zum <em>Welttag des Buches</em> in den 7. Klassen mit der jährlichen Teilnahme am Unesco-<em>Vorlesewettbewerb</em> die Freude am Lesen und lesen nicht nur im Klassenraum, sondern werden auch aktiv:</p>



<p>durch Theaterbesuche und Workshops, Produktion von Booktoks und Lapbooks, Lernvideos und Lektüre-Boxen, PowerPoint-Vorträge, Portfolios und Podcasts, Lerntheken, Teilnahme am Wettbewerb &#8222;Jugend debattiert&#8220; …- methodische Vielfalt neben klassischem Frontalunterricht.</p>



<p>Die sinnvolle, aber kritische Nutzung digitaler Medien und Künstlicher Intelligenz sind dabei Teil des Unterrichts.</p>



<p>Organisatorisches:</p>



<p>In Klasse 7 erfolgt der Deutschunterricht im Klassenverband; ab dem 8. Jahrgang wird in leistungsdifferenzierten Gruppen auf zwei Niveaustufen gelernt.</p>



<p>Hausaufgaben können im 9. und 10. Jahrgang in unseren Schülerarbeitsstunden unter Aufsicht einer Lehrkraft angefertigt werden.</p>



<p>In den Klassen der Staatlichen Europaschule (SESB) wird in den Jahrgängen 7 und 8 der Deutschunterricht zusätzlich nach Mutter- und Partnersprache differenziert, wodurch eine besondere Förderung in Kleingruppen möglich wird. Darüber hinaus erhalten die Schüler*innen in der Partnersprache eine zusätzliche Stunde Deutschunterricht. Um Hausaufgaben zu erledigen, gibt es zwei Schülerarbeitsstunden während des Schultages.</p>



<p>Die Sophie-Scholl-Schule ist bemüht, den individuellen Bedürfnissen von Schüler*innen mit Lese-Rechtschreibschwierigkeiten (LRS) durch schulinterne Förderdiagnostik und individuelle Förderung gerecht zu werden und allen Schüler*innen Chancengleichheit zu gewähren.</p>



<p></p>

<p>Deutsch Vielfalt, individuelle Förderung und Transparenz sind die leitenden Ideen unseres Deutschunterrichts. Den Berliner Rahmenlehrplan füllen wir anschaulich, lebendig und schülernah mit Leben. Wir fördern nicht nur zum Welttag des Buches in den 7. Klassen mit der jährlichen Teilnahme am Unesco-Vorlesewettbewerb die Freude am Lesen und lesen nicht nur im Klassenraum, sondern werden auch aktiv: [&hellip;]</p>
