{"id":3863,"date":"2024-06-30T15:31:10","date_gmt":"2024-06-30T15:31:10","guid":{"rendered":"https:\/\/sophie-scholl-schule.eu\/?page_id=3863"},"modified":"2026-03-15T10:39:35","modified_gmt":"2026-03-15T10:39:35","slug":"anmeldung","status":"publish","type":"page","link":"https:\/\/sophie-scholl-schule.eu\/?page_id=3863","title":{"rendered":"Anmeldung"},"content":{"rendered":"\n<div class=\"wp-block-group is-layout-constrained wp-container-core-group-is-layout-53acd6ed wp-block-group-is-layout-constrained\">\n<div class=\"wp-block-columns are-vertically-aligned-top is-layout-flex wp-container-core-columns-is-layout-f33c6e08 wp-block-columns-is-layout-flex\" style=\"border-style:none;border-width:0px;margin-top:0;margin-bottom:0;padding-top:0;padding-right:0rem;padding-bottom:0;padding-left:0rem\">\n<div class=\"wp-block-column is-vertically-aligned-top is-layout-flow wp-block-column-is-layout-flow\" style=\"padding-right:0;padding-left:0;flex-basis:100%\">\n<figure class=\"wp-block-embed aligncenter is-type-video is-provider-youtube wp-block-embed-youtube wp-embed-aspect-16-9 wp-has-aspect-ratio\" style=\"margin-right:0;margin-left:0\"><div class=\"wp-block-embed__wrapper\">\n<div class='avia-iframe-wrap'><iframe loading=\"lazy\" title=\"Intro\" width=\"1500\" height=\"844\" src=\"https:\/\/www.youtube.com\/embed\/g3rHuBMZfuk?feature=oembed\" frameborder=\"0\" allow=\"accelerometer; autoplay; clipboard-write; encrypted-media; gyroscope; picture-in-picture; web-share\" referrerpolicy=\"strict-origin-when-cross-origin\" allowfullscreen><\/iframe><\/div>\n<\/div><\/figure>\n<\/div>\n<\/div>\n<\/div>\n\n\n\n<p class=\"has-text-align-center has-x-large-font-size\"><strong>Anmeldeverfahren<\/strong><\/p>\n\n\n\n<div class=\"wp-block-group is-layout-constrained wp-container-core-group-is-layout-53acd6ed wp-block-group-is-layout-constrained\">\n<figure class=\"wp-block-embed is-type-video is-provider-youtube wp-block-embed-youtube wp-embed-aspect-16-9 wp-has-aspect-ratio\"><div class=\"wp-block-embed__wrapper\">\n<div class='avia-iframe-wrap'><iframe loading=\"lazy\" title=\"Sophie Scholl   Hauptfilm\" width=\"1500\" height=\"844\" src=\"https:\/\/www.youtube.com\/embed\/_FZZR9rRAfo?feature=oembed\" frameborder=\"0\" allow=\"accelerometer; autoplay; clipboard-write; encrypted-media; gyroscope; picture-in-picture; web-share\" referrerpolicy=\"strict-origin-when-cross-origin\" allowfullscreen><\/iframe><\/div>\n<\/div><\/figure>\n<\/div>\n\n\n\n<p class=\"has-text-align-center has-medium-turquoise-background-color has-background\">Der Anmeldezeitraum f\u00fcr das Schuljahr 2026\/27 ist abgeschlossen. <br><br>Aktualisierte Informationen zum Schuljahr 2027\/28 finden Sie hier ab Dezember 2026.<\/p>\n\n\n\n<p>Die Sophie-Scholl-Schule richtet&nbsp;<strong>im Schuljahr 2026\/27 sechs neue Klassen im 7. Jahrgang<\/strong>&nbsp;ein, davon zwei f\u00fcr Sch\u00fclerinnen und Sch\u00fcler der Staatlichen Europaschule Berlin Deutsch-Franz\u00f6sisch (SESB).&nbsp;Alle Berliner Oberschulen haben dabei einen&nbsp;<strong>gemeinsamen Anmeldezeitraum<\/strong>&nbsp;vom&nbsp;<strong>05.03. bis 12.03.2026.<\/strong><\/p>\n\n\n\n<p>F\u00fcr die Sophie-Scholl-Schule als&nbsp;<strong>\u201eSchule besonderer p\u00e4dagogischer Pr\u00e4gung\u201c&nbsp;<\/strong>gelten etwas abweichende Aufnahmebedingungen. Von entscheidender Bedeutung f\u00fcr die Aufnahme an der Sophie-Scholl-Schule ist das gew\u00e4hlte&nbsp;<strong>Profil<\/strong>. Seiner Neigung und seiner Begabung entsprechend entscheidet sich Ihr Kind bei der Anmeldung f\u00fcr einen der&nbsp;<strong>vier<\/strong>&nbsp;<strong>Profilz\u00fcge: Kunst &#8211; Musik &#8211; MINT &#8211; WAT<\/strong>&nbsp;(Wirtschaft-Arbeit-Technik). Dieser Wunsch muss bei der \u201eErstwunschschule\u201c auf dem \u201eAnmeldebogen f\u00fcr die Sekundarstufe I\u201c angegeben werden. Zweit- und\/oder Drittw\u00fcnsche k\u00f6nnen dort ggf. entsprechend unter \u201eZweitwunschschule\u201c bzw. \u201eDrittwunschschule\u201c mit dem entsprechenden Profilzug angegeben werden. F\u00fcr die <strong>SESB<\/strong> muss als \u201eZweitwunschschule\u201c zwingend die Georg-von-Giesche-Schule eingetragen werden.<\/p>\n\n\n\n<p>Das Aufnahmeverfahren l\u00e4uft f\u00fcr die&nbsp;<strong>vier Profilz\u00fcge<\/strong>&nbsp;im Regelzweig \u00fcber einen&nbsp;<strong>Eignungsnachweis<\/strong> entsprechend des gew\u00e4hlten Profils. F\u00fcr die&nbsp;<strong>SESB&nbsp;<\/strong>gelten die Aufnahmekriterien laut AufnahmeVO SbP&nbsp;und es findet&nbsp;<strong>ein gesondertes Auswahlverfahren<\/strong>&nbsp;statt.<\/p>\n\n\n\n<p>Anmelden k\u00f6nnen sich&nbsp;<strong>alle Kinder mit einer Gymnasial- und\/oder Sekundarschulprognose aus allen Berliner Bezirken mit der 1. Fremdsprache Englisch (Regelzweig) bzw. Franz\u00f6sisch (SESB)<\/strong>. In begrenzter Zahl werden auch Kinder mit sonderp\u00e4dagogischem F\u00f6rderbedarf ohne Prognose aufgenommen.<\/p>\n\n\n\n<p>Die allgemeine Durchschnittsnote der F\u00f6rderprognose, die die Kinder mit dem Zeugnis im Februar erhalten, spielt bei der Aufnahme keine Rolle. Es z\u00e4hlen die f\u00fcr das entsprechende Profil relevanten Zeugnisnoten und der Nachweis der Eignung f\u00fcr das gew\u00e4hlte Profil. Die genauen Voraussetzungen finden sie im&nbsp;<strong><a href=\"https:\/\/sophie-scholl-schule.eu\/wp-content\/uploads\/2025\/11\/Kompetenzkatalog-2026.pdf\" target=\"_blank\" rel=\"noreferrer noopener\">&#8222;Kompetenzkatalog&#8220;<\/a><\/strong>. Mit allen Bewerberinnen und Bewerbern um einen Schulplatz wird ein ca. 20 Minuten dauerndes Anmeldegespr\u00e4ch durch entprechende Fachlehrkr\u00e4fte gef\u00fchrt. Grundlage f\u00fcr dieses Gespr\u00e4ch bildet im Fach Kunst eine Mappe mit 7 Arbeiten unterschiedlicher Techniken und in den F\u00e4chern Musik, MINT und WAT ein kurzer, im Rahmen des Gespr\u00e4chs durchgef\u00fchrter Eignungstest. F\u00fcr dieses Gespr\u00e4ch muss zuvor online ein fester Termin vereinbart werden (siehe oben).<\/p>\n\n\n\n<p>Als&nbsp;<strong>2. Fremdsprache&nbsp;<\/strong>kann mit Beginn der 7. Jahrgangsstufe Franz\u00f6sisch, Spanisch oder Latein gew\u00e4hlt werden, wenn entsprechende Leistungen in den F\u00e4chern Deutsch und Mathematik zu Beginn des Schuljahres nachgewiesen werden konnten.&nbsp;Alternativ kann die&nbsp;2. Fremdsprache aber auch in Klassenstufe 9 begonnen werden, um ggf. das Abitur zu erreichen. Die Eignung f\u00fcr den Beginn der 2. Fremdsprache spielt f\u00fcr die Aufnahmeentscheidung selbst keine Rolle.<\/p>\n\n\n\n<p>Weitere Informationen finden Sie auch in unserem&nbsp;<strong><a href=\"https:\/\/sophie-scholl-schule.eu\/wp-content\/uploads\/2025\/11\/Flyer-SSO.pdf\" target=\"_blank\" rel=\"noreferrer noopener\">Schulflyer<\/a><\/strong>&nbsp;und in einer&nbsp;<strong><a href=\"https:\/\/sophie-scholl-schule.eu\/wp-content\/uploads\/2025\/11\/Informationsveranstaltung-2026.pdf\" target=\"_blank\" rel=\"noreferrer noopener\">Pr\u00e4sentation<\/a><\/strong>&nbsp;zum Aufnahmeverfahren.<\/p>\n\n\n\n<p>Sollten Sie noch dringende Fragen zum Aufnahmeverfahren haben, stellen Sie diese bitte per Mail an&nbsp;<strong><a href=\"mailto:anmeldung@sophie-scholl-schule.eu\">anmeldung@sophie-scholl-schule.eu<\/a>.<\/strong><\/p>\n\n\n\n<p><strong>Achtung! Da unsere Schule in den letzten Jahren stark nachgefragt war, m\u00f6chten wir Ihnen f\u00fcr das Ausf\u00fcllen der Wunschschulen auf dem Anmeldebogen, den Ihr Kind mit dem Halbjahreszeugnis erh\u00e4lt, folgende Hinweise geben:&nbsp;&nbsp;<\/strong><strong><\/strong><\/p>\n\n\n\n<ul class=\"wp-block-list\">\n<li>Die Zuweisung der Kinder auf die Oberschulen erfolgt durch das Schulamt &#8211; nicht durch die Schulen selbst.&nbsp; Dabei werden zun\u00e4chst so viele Erstw\u00fcnsche ber\u00fccksichtigt, bis alle Schulpl\u00e4tze dieser Schule besetzt sind. Bei Kindern, deren Erstwunsch nicht erf\u00fcllt werden konnte, wird dann f\u00fcr den Zweitwunsch ermittelt, ob noch Pl\u00e4tze vorhanden sind, ist dies nicht der Fall, wird der Drittwunsch gepr\u00fcft.&nbsp; Ist bei keiner der drei Wunschschulen ein Schulplatz frei, wird das Kind vom Amt einer Schule zugewiesen, die noch freie Pl\u00e4tze hat.&nbsp;<\/li>\n\n\n\n<li>Bitte w\u00e4hlen Sie bei den Zweit- und Drittwunschschulen daher m\u00f6glichst&nbsp;keine&nbsp;Schulen aus, die in den letzten Jahren stark nachgefragt waren.&nbsp;<\/li>\n<\/ul>\n\n\n\n<p><strong>Die Reihenfolge der Anmeldungen hat keinen Einfluss auf die Aufnahmeentscheidung<\/strong>.<\/p>\n\n\n\n<p><strong>Zur Anmeldung mitzubringen sind:<\/strong><\/p>\n\n\n\n<ol class=\"wp-block-list\">\n<li><strong>Kopien<\/strong>&nbsp;des&nbsp;<strong>letzten Zeugnisses<\/strong>&nbsp;(Halbjahreszeugnis 2025\/26) und der&nbsp;<strong>Bescheinigungen zum Arbeits- und Sozialverhalten<\/strong><\/li>\n\n\n\n<li>das&nbsp;<strong>offizielle Anmeldeformular<\/strong>&nbsp;und die&nbsp;<strong>F\u00f6rderprognose im Original<\/strong>&nbsp;(erh\u00e4lt Ihr Kind mit dem Halbjahreszeugnis im Januar 2026 von der Grundschule)<\/li>\n\n\n\n<li>bei einem Notenwert von 15 und h\u00f6her und Gymnasien als Zweit- bzw. Drittwunsch:&nbsp;<strong>Best\u00e4tigung \u00fcber die Teilnahme am Probeunterricht. <\/strong><\/li>\n\n\n\n<li>1&nbsp;<strong>Lichtbild<\/strong><\/li>\n\n\n\n<li>zus\u00e4tzliche Dokumente (Nachweis je nach Wahlpflichtfach)<\/li>\n\n\n\n<li>bei Vorliegen eines&nbsp;<strong>sonderp\u00e4dagogischen F\u00f6rderbedarfs<\/strong>: das aktuell g\u00fcltige Gutachten<\/li>\n<\/ol>\n\n\n\n<p><strong>Wichtiger Hinweis:<\/strong>&nbsp;Es m\u00fcssen alle au\u00dferschulischen Engagements, die bei der Auswahlentscheidung ber\u00fccksichtigt werden sollen, durch entsprechende Bescheinigungen nachgewiesen werden. Diese d\u00fcrfen nicht \u00e4lter als zwei Jahre alt sein und m\u00fcssen in Musik, Kunst und WAT den genauen zeitlichen Umfang ausweisen (siehe&nbsp;<strong><a href=\"https:\/\/sophie-scholl-schule.eu\/wp-content\/uploads\/2025\/11\/Kompetenzkatalog-2026.pdf\" target=\"_blank\" rel=\"noreferrer noopener\">&#8222;Kompetenzkatalog&#8220;<\/a><\/strong>). Bitte bringen Sie diese Unterlagen unbedingt als Kopien zum Anmeldegespr\u00e4ch mit.&nbsp;<strong>Unterlagen, die nach dem 12.03.2026 eingereicht werden, k\u00f6nnen nicht mehr ber\u00fccksichtigt werden.<\/strong><\/p>\n\n\n\n<p class=\"has-x-large-font-size\"><strong>Profilzug: Kunst&nbsp;<\/strong><\/p>\n\n\n\n<div class=\"wp-block-group is-layout-constrained wp-container-core-group-is-layout-53acd6ed wp-block-group-is-layout-constrained\">\n<figure class=\"wp-block-embed aligncenter is-type-video is-provider-youtube wp-block-embed-youtube wp-embed-aspect-16-9 wp-has-aspect-ratio\" style=\"margin-top:0;margin-right:0px;margin-bottom:0;margin-left:0px\"><div class=\"wp-block-embed__wrapper\">\n<div class='avia-iframe-wrap'><iframe loading=\"lazy\" title=\"Sophie Scholl   KUNST\" width=\"1500\" height=\"844\" src=\"https:\/\/www.youtube.com\/embed\/7lxQEeUtJ_w?feature=oembed\" frameborder=\"0\" allow=\"accelerometer; autoplay; clipboard-write; encrypted-media; gyroscope; picture-in-picture; web-share\" referrerpolicy=\"strict-origin-when-cross-origin\" allowfullscreen><\/iframe><\/div>\n<\/div><\/figure>\n<\/div>\n\n\n\n<p><a href=\"https:\/\/sophie-scholl-schule.eu\/wp-content\/uploads\/2025\/11\/Flyer-SSO-Kunst.pdf\">Download Flyer<\/a><\/p>\n\n\n\n<p>Das Interesse und die Begabung zeigt das Kind in einem Anmeldegespr\u00e4ch, zu dem es eine Mappe mit&nbsp;<strong>sieben k\u00fcnstlerischen Arbeiten der letzten zwei Jahre<\/strong>&nbsp;in m\u00f6glichst verschiedenen Arbeitstechniken (z.B. Malerei\/Zeichnung\/Druck) mitbringt.&nbsp;&nbsp;<br><br>Bitte bringen Sie weiterhin mit, falls vorhanden:<\/p>\n\n\n\n<ul class=\"wp-block-list\">\n<li>Bescheinigungen au\u00dferschulischer Institutionen mit ausdr\u00fccklichem k\u00fcnstlerischem Schwerpunkt (z.B. Bildnerische Werkst\u00e4tten, Kunstzirkel, Kurse an Jugendkunstschulen) \u00fcber Kursteilnahmen von insgesamt mindestens 6 Monaten, die regelm\u00e4\u00dfig stattgefunden haben (mind. 2 Std. pro Woche), so dass ein zeitlicher Gesamtumfang von 40 Stunden nicht unterschritten wird.&nbsp; Kurze Wochenend- und Ferienkurse sowie Bescheinigungen ohne zeitliche Angabe der Kursdauer k\u00f6nnen nicht akzeptiert werden.<\/li>\n\n\n\n<li>Bescheinigungen \u00fcber die Teilnahme an Wettbewerben<\/li>\n\n\n\n<li>Best\u00e4tigung der Grundschule \u00fcber AG-Teilnahme, falls auf dem Zeugnis nicht vermerkt<\/li>\n<\/ul>\n\n\n\n<p class=\"has-x-large-font-size\"><strong>Profilzug: MINT&nbsp;<\/strong><\/p>\n\n\n\n<div class=\"wp-block-group is-layout-constrained wp-container-core-group-is-layout-53acd6ed wp-block-group-is-layout-constrained\">\n<figure class=\"wp-block-embed is-type-video is-provider-youtube wp-block-embed-youtube wp-embed-aspect-16-9 wp-has-aspect-ratio\"><div class=\"wp-block-embed__wrapper\">\n<div class='avia-iframe-wrap'><iframe loading=\"lazy\" title=\"Sophie Scholl   MINT\" width=\"1500\" height=\"844\" src=\"https:\/\/www.youtube.com\/embed\/pfFf1hFKBGs?feature=oembed\" frameborder=\"0\" allow=\"accelerometer; autoplay; clipboard-write; encrypted-media; gyroscope; picture-in-picture; web-share\" referrerpolicy=\"strict-origin-when-cross-origin\" allowfullscreen><\/iframe><\/div>\n<\/div><\/figure>\n<\/div>\n\n\n\n<p><a href=\"https:\/\/sophie-scholl-schule.eu\/wp-content\/uploads\/2025\/11\/Flyer_SSO-MINT.pdf\">Download Flyer<\/a><\/p>\n\n\n\n<p>Bringen Sie bitte den NaWi-Hefter zum Anmeldegespr\u00e4ch mit, und, falls vorhanden:<\/p>\n\n\n\n<ul class=\"wp-block-list\">\n<li>Bescheinigungen \u00fcber die Teilnahme an Wettbewerben oder die Mitgliedschaft in entsprechenden Organisationen (z.B. BUND, K\u00e4nguru-Wettbewerb etc.)<\/li>\n\n\n\n<li>Best\u00e4tigung der Grundschule \u00fcber AG-Teilnahme, falls auf dem Zeugnis nicht vermerkt<\/li>\n<\/ul>\n\n\n\n<p class=\"has-x-large-font-size\"><strong>Profilzug: Musik&nbsp;<\/strong><\/p>\n\n\n\n<div class=\"wp-block-group is-layout-constrained wp-container-core-group-is-layout-53acd6ed wp-block-group-is-layout-constrained\">\n<figure class=\"wp-block-embed is-type-video is-provider-youtube wp-block-embed-youtube wp-embed-aspect-16-9 wp-has-aspect-ratio\"><div class=\"wp-block-embed__wrapper\">\n<div class='avia-iframe-wrap'><iframe loading=\"lazy\" title=\"Sophie Scholl   MUSIK\" width=\"1500\" height=\"844\" src=\"https:\/\/www.youtube.com\/embed\/ptIkMiAY4Pk?feature=oembed\" frameborder=\"0\" allow=\"accelerometer; autoplay; clipboard-write; encrypted-media; gyroscope; picture-in-picture; web-share\" referrerpolicy=\"strict-origin-when-cross-origin\" allowfullscreen><\/iframe><\/div>\n<\/div><\/figure>\n<\/div>\n\n\n\n<p><a href=\"https:\/\/sophie-scholl-schule.eu\/wp-content\/uploads\/2025\/11\/Flyer_SSO-Musik.pdf\">Download Flyer<\/a><\/p>\n\n\n\n<p>In Musik erfolgt neben der \u00dcberpr\u00fcfung von Notenkenntnis auch ein&nbsp;<strong>Instrumentalvorspiel<\/strong>.&nbsp;<strong>Bitte denken Sie daran, Ihr Instrument mitzubringen!<\/strong><\/p>\n\n\n\n<p>Bitte bringen Sie weiterhin mit, falls vorhanden:<\/p>\n\n\n\n<ul class=\"wp-block-list\">\n<li>Bescheinigungen au\u00dferschulischer Institutionen (z.B. Jugendmusikschule, Chor etc.) \u00fcber die Dauer von Instrumentalunterricht von insgesamt mindestens einem Jahr. Bescheinigungen ohne zeitliche Angabe k\u00f6nnen nicht akzeptiert werden.<\/li>\n\n\n\n<li>Bescheinigungen \u00fcber die Teilnahme an Wettbewerben<\/li>\n\n\n\n<li>Best\u00e4tigung der Grundschule \u00fcber AG-Teilnahme, falls auf dem Zeugnis nicht vermerkt<\/li>\n<\/ul>\n\n\n\n<p class=\"has-x-large-font-size\"><strong>Profilzug: WAT&nbsp;(Wirtschaft-Arbeit-Technik)<\/strong><\/p>\n\n\n\n<div class=\"wp-block-group is-layout-constrained wp-container-core-group-is-layout-53acd6ed wp-block-group-is-layout-constrained\">\n<figure class=\"wp-block-embed is-type-video is-provider-youtube wp-block-embed-youtube wp-embed-aspect-16-9 wp-has-aspect-ratio\"><div class=\"wp-block-embed__wrapper\">\n<div class='avia-iframe-wrap'><iframe loading=\"lazy\" title=\"Sophie Scholl   WAT\" width=\"1500\" height=\"844\" src=\"https:\/\/www.youtube.com\/embed\/GKYak7i0yec?feature=oembed\" frameborder=\"0\" allow=\"accelerometer; autoplay; clipboard-write; encrypted-media; gyroscope; picture-in-picture; web-share\" referrerpolicy=\"strict-origin-when-cross-origin\" allowfullscreen><\/iframe><\/div>\n<\/div><\/figure>\n<\/div>\n\n\n\n<p><a href=\"https:\/\/sophie-scholl-schule.eu\/wp-content\/uploads\/2025\/11\/Flyer-SSO-WAT.pdf\">Download Flyer<\/a><\/p>\n\n\n\n<p>Bitte bringen Sie mit, falls vorhanden:<\/p>\n\n\n\n<ul class=\"wp-block-list\">\n<li>Bescheinigungen \u00fcber die Teilnahme an Kursen au\u00dferschulischer Institutionen (z.B. VHS, T\u00f6pferkurs etc.) \u00fcber Kursteilnahmen, die einen zeitlichen Gesamtumfang von 12 Stunden nicht unterschreiten. F\u00fcr jeweils 12 Stunden nachgewiesener Teilnahme wird 1 Punkt vergeben. Bescheinigungen ohne zeitliche Angabe der Kursdauer k\u00f6nnen nicht akzeptiert werden.<\/li>\n\n\n\n<li>Bescheinigungen \u00fcber die Mitgliedschaft in entsprechenden Organisationen (z.B. Pfadfinder)<\/li>\n\n\n\n<li>Best\u00e4tigung der Grundschule \u00fcber AG-Teilnahme, falls auf dem Zeugnis nicht vermerkt<\/li>\n<\/ul>\n\n\n\n<p class=\"has-x-large-font-size\"><strong>Profilzug: SESB&nbsp;<\/strong><\/p>\n\n\n\n<div class=\"wp-block-group is-layout-constrained wp-container-core-group-is-layout-53acd6ed wp-block-group-is-layout-constrained\">\n<figure class=\"wp-block-embed is-type-video is-provider-youtube wp-block-embed-youtube wp-embed-aspect-16-9 wp-has-aspect-ratio\"><div class=\"wp-block-embed__wrapper\">\n<div class='avia-iframe-wrap'><iframe loading=\"lazy\" title=\"Sophie Scholl   SESB\" width=\"1500\" height=\"844\" src=\"https:\/\/www.youtube.com\/embed\/2sa-TQJO548?feature=oembed\" frameborder=\"0\" allow=\"accelerometer; autoplay; clipboard-write; encrypted-media; gyroscope; picture-in-picture; web-share\" referrerpolicy=\"strict-origin-when-cross-origin\" allowfullscreen><\/iframe><\/div>\n<\/div><\/figure>\n<\/div>\n\n\n\n<p>Ein Schulplatz an einem unserer beiden Standorte ist Ihrem Kind im Rahmen der SESB bereits sicher. Alle Informationen finden Sie in unserem&nbsp;<strong><a href=\"https:\/\/sophie-scholl-schule.eu\/wp-content\/uploads\/2025\/11\/Flyer-SESB.pdf\" target=\"_blank\" rel=\"noreferrer noopener\">SESB-Schulflyer<\/a><\/strong>&nbsp;und in unserer&nbsp;<strong><a href=\"https:\/\/sophie-scholl-schule.eu\/wp-content\/uploads\/2025\/11\/Informationsveranstaltung-SESB-2026.pdf\" target=\"_blank\" rel=\"noreferrer noopener\">Pr\u00e4sentation SESB<\/a><\/strong>. Wenn Sie Ihr Kind f\u00fcr den SESB-Zweig anmelden m\u00f6chten, tragen Sie bitte&nbsp;unbedingt als Erst- bzw. Zweitwunsch die Sophie-Scholl-Schule und die Georg-von-Giesche-Schule in der gew\u00fcnschten Reihenfolge&nbsp;ein.<\/p>\n\n\n\n<p><\/p>\n\n\n\n<p>Die Aufnahme aller anderen Kinder erfolgt \u00fcber ein&nbsp;<strong>Losverfahren<\/strong>, falls einer der beiden Standorte \u00fcbernachgefragt ist.<strong>&nbsp;An der Sophie-Scholl-Schule<\/strong> <strong>gibt es daher keine Anmeldegespr\u00e4che:&nbsp;Sie m\u00fcssen Ihr Kind nat\u00fcrlich trotzdem an der Erstwunschschule anmelden.<\/strong><\/p>\n\n\n\n<p><strong>Zur Anmeldung mitzubringen sind:<\/strong><\/p>\n\n\n\n<ol class=\"wp-block-list\">\n<li><strong>Kopie<\/strong>&nbsp;des&nbsp;<strong>Halbjahreszeugnisses vom Januar 2026<\/strong>&nbsp;zusammen mit der&nbsp;<strong>Bescheinigung des Arbeits- und Sozialverhaltens<\/strong><\/li>\n\n\n\n<li>1&nbsp;<strong>Lichtbild<\/strong><\/li>\n\n\n\n<li>das\u00a0<strong><a href=\"https:\/\/sophie-scholl-schule.eu\/wp-content\/uploads\/2025\/11\/Anmeldeformular-2026-27-SESB.pdf\">schulinterne Anmeldeformular 2026-27<\/a><\/strong> und ggf. den <a href=\"https:\/\/sophie-scholl-schule.eu\/wp-content\/uploads\/2026\/03\/Formblatt-Geschwisterkinder.pdf\">Antrag auf Ber\u00fccksichtigung als Geschwisterkind<\/a> <\/li>\n\n\n\n<li>das&nbsp;<strong>offizielle Anmeldeformular<\/strong>&nbsp;der Grundschule mit F\u00f6rderprognose<\/li>\n\n\n\n<li>bei Vorliegen eines&nbsp;<strong>sonderp\u00e4dagogischen F\u00f6rderbedarfs<\/strong>: das aktuell g\u00fcltige Gutachten<\/li>\n<\/ol>\n\n\n\n<p><\/p>\n","protected":false},"excerpt":{"rendered":"<p>Anmeldeverfahren Der Anmeldezeitraum f\u00fcr das Schuljahr 2026\/27 ist abgeschlossen. Aktualisierte Informationen zum Schuljahr 2027\/28 finden Sie hier ab Dezember 2026. Die Sophie-Scholl-Schule richtet&nbsp;im Schuljahr 2026\/27 sechs neue Klassen im 7. Jahrgang&nbsp;ein, davon zwei f\u00fcr Sch\u00fclerinnen und Sch\u00fcler der Staatlichen Europaschule Berlin Deutsch-Franz\u00f6sisch (SESB).&nbsp;Alle Berliner Oberschulen haben dabei einen&nbsp;gemeinsamen Anmeldezeitraum&nbsp;vom&nbsp;05.03. bis 12.03.2026. F\u00fcr die Sophie-Scholl-Schule als&nbsp;\u201eSchule [&hellip;]<\/p>\n","protected":false},"author":3,"featured_media":0,"parent":3861,"menu_order":0,"comment_status":"closed","ping_status":"closed","template":"","meta":{"footnotes":""},"class_list":["post-3863","page","type-page","status-publish","hentry"],"_links":{"self":[{"href":"https:\/\/sophie-scholl-schule.eu\/index.php?rest_route=\/wp\/v2\/pages\/3863","targetHints":{"allow":["GET"]}}],"collection":[{"href":"https:\/\/sophie-scholl-schule.eu\/index.php?rest_route=\/wp\/v2\/pages"}],"about":[{"href":"https:\/\/sophie-scholl-schule.eu\/index.php?rest_route=\/wp\/v2\/types\/page"}],"author":[{"embeddable":true,"href":"https:\/\/sophie-scholl-schule.eu\/index.php?rest_route=\/wp\/v2\/users\/3"}],"replies":[{"embeddable":true,"href":"https:\/\/sophie-scholl-schule.eu\/index.php?rest_route=%2Fwp%2Fv2%2Fcomments&post=3863"}],"version-history":[{"count":51,"href":"https:\/\/sophie-scholl-schule.eu\/index.php?rest_route=\/wp\/v2\/pages\/3863\/revisions"}],"predecessor-version":[{"id":7157,"href":"https:\/\/sophie-scholl-schule.eu\/index.php?rest_route=\/wp\/v2\/pages\/3863\/revisions\/7157"}],"up":[{"embeddable":true,"href":"https:\/\/sophie-scholl-schule.eu\/index.php?rest_route=\/wp\/v2\/pages\/3861"}],"wp:attachment":[{"href":"https:\/\/sophie-scholl-schule.eu\/index.php?rest_route=%2Fwp%2Fv2%2Fmedia&parent=3863"}],"curies":[{"name":"wp","href":"https:\/\/api.w.org\/{rel}","templated":true}]}}