{"id":3841,"date":"2024-06-08T11:35:34","date_gmt":"2024-06-08T11:35:34","guid":{"rendered":"https:\/\/sophie-scholl-schule.eu\/?page_id=3841"},"modified":"2024-06-08T11:35:34","modified_gmt":"2024-06-08T11:35:34","slug":"schliessfaecher","status":"publish","type":"page","link":"https:\/\/sophie-scholl-schule.eu\/?page_id=3841","title":{"rendered":"Schlie\u00dff\u00e4cher"},"content":{"rendered":"\n<p>F\u00fcr Sch\u00fclerinnen und Sch\u00fcler an unserer Schule ist es m\u00f6glich, Schlie\u00dff\u00e4cher in ihren Klassenr\u00e4umen zu mieten. Die Miete erfolgt \u00fcber den Anbieter Astra Direct.<\/p>\n\n\n\n<p><a href=\"https:\/\/www.astradirect.de\/fach-mieten\/4708\">Zur Anmietung<\/a><\/p>\n","protected":false},"excerpt":{"rendered":"<p>F\u00fcr Sch\u00fclerinnen und Sch\u00fcler an unserer Schule ist es m\u00f6glich, Schlie\u00dff\u00e4cher in ihren Klassenr\u00e4umen zu mieten. Die Miete erfolgt \u00fcber den Anbieter Astra Direct. Zur Anmietung<\/p>\n","protected":false},"author":1,"featured_media":0,"parent":3834,"menu_order":2,"comment_status":"closed","ping_status":"closed","template":"","meta":{"footnotes":""},"class_list":["post-3841","page","type-page","status-publish","hentry"],"_links":{"self":[{"href":"https:\/\/sophie-scholl-schule.eu\/index.php?rest_route=\/wp\/v2\/pages\/3841","targetHints":{"allow":["GET"]}}],"collection":[{"href":"https:\/\/sophie-scholl-schule.eu\/index.php?rest_route=\/wp\/v2\/pages"}],"about":[{"href":"https:\/\/sophie-scholl-schule.eu\/index.php?rest_route=\/wp\/v2\/types\/page"}],"author":[{"embeddable":true,"href":"https:\/\/sophie-scholl-schule.eu\/index.php?rest_route=\/wp\/v2\/users\/1"}],"replies":[{"embeddable":true,"href":"https:\/\/sophie-scholl-schule.eu\/index.php?rest_route=%2Fwp%2Fv2%2Fcomments&post=3841"}],"version-history":[{"count":1,"href":"https:\/\/sophie-scholl-schule.eu\/index.php?rest_route=\/wp\/v2\/pages\/3841\/revisions"}],"predecessor-version":[{"id":3842,"href":"https:\/\/sophie-scholl-schule.eu\/index.php?rest_route=\/wp\/v2\/pages\/3841\/revisions\/3842"}],"up":[{"embeddable":true,"href":"https:\/\/sophie-scholl-schule.eu\/index.php?rest_route=\/wp\/v2\/pages\/3834"}],"wp:attachment":[{"href":"https:\/\/sophie-scholl-schule.eu\/index.php?rest_route=%2Fwp%2Fv2%2Fmedia&parent=3841"}],"curies":[{"name":"wp","href":"https:\/\/api.w.org\/{rel}","templated":true}]}}

Schließfächer

<p>Für Schülerinnen und Schüler an unserer Schule ist es möglich, Schließfächer in ihren Klassenräumen zu mieten. Die Miete erfolgt über den Anbieter Astra Direct.</p>



<p><a href="https://www.astradirect.de/fach-mieten/4708">Zur Anmietung</a></p>

<p>Für Schülerinnen und Schüler an unserer Schule ist es möglich, Schließfächer in ihren Klassenräumen zu mieten. Die Miete erfolgt über den Anbieter Astra Direct. Zur Anmietung</p>
