{"id":3740,"date":"2024-06-06T18:23:00","date_gmt":"2024-06-06T18:23:00","guid":{"rendered":"https:\/\/sophie-scholl-schule.eu\/?page_id=3740"},"modified":"2024-06-30T15:25:11","modified_gmt":"2024-06-30T15:25:11","slug":"unesco-schule","status":"publish","type":"page","link":"https:\/\/sophie-scholl-schule.eu\/?page_id=3740","title":{"rendered":"UNESCO-Schule"},"content":{"rendered":"\n<figure class=\"wp-block-image aligncenter size-full is-resized\"><img loading=\"lazy\" decoding=\"async\" width=\"687\" height=\"333\" src=\"https:\/\/sophie-scholl-schule.eu\/wp-content\/uploads\/2024\/06\/Unesco-2.jpg\" alt=\"\" class=\"wp-image-3742\" style=\"width:398px;height:auto\" srcset=\"https:\/\/sophie-scholl-schule.eu\/wp-content\/uploads\/2024\/06\/Unesco-2.jpg 687w, https:\/\/sophie-scholl-schule.eu\/wp-content\/uploads\/2024\/06\/Unesco-2-300x145.jpg 300w\" sizes=\"auto, (max-width: 687px) 100vw, 687px\" \/><\/figure>\n\n\n\n<h3 class=\"wp-block-heading has-text-align-center\"><strong>In einem weltweiten Netzwerk<br>Lernen f\u00fcr das Leben in der Weltgesellschaft<\/strong><\/h3>\n\n\n\n<figure class=\"wp-block-image aligncenter size-full\"><img loading=\"lazy\" decoding=\"async\" width=\"825\" height=\"464\" src=\"https:\/\/sophie-scholl-schule.eu\/wp-content\/uploads\/2024\/06\/Unesco2.png\" alt=\"\" class=\"wp-image-3743\" srcset=\"https:\/\/sophie-scholl-schule.eu\/wp-content\/uploads\/2024\/06\/Unesco2.png 825w, https:\/\/sophie-scholl-schule.eu\/wp-content\/uploads\/2024\/06\/Unesco2-300x169.png 300w, https:\/\/sophie-scholl-schule.eu\/wp-content\/uploads\/2024\/06\/Unesco2-768x432.png 768w, https:\/\/sophie-scholl-schule.eu\/wp-content\/uploads\/2024\/06\/Unesco2-705x397.png 705w\" sizes=\"auto, (max-width: 825px) 100vw, 825px\" \/><\/figure>\n\n\n\n<p class=\"has-text-align-center\"><strong>Unsere Neuigkeiten<\/strong><\/p>\n\n\n\n<div class=\"wp-block-columns is-layout-flex wp-container-core-columns-is-layout-9d6595d7 wp-block-columns-is-layout-flex\">\n<div class=\"wp-block-column is-layout-flow wp-block-column-is-layout-flow\" style=\"flex-basis:100%\"><ul style=\"padding-top:0;padding-bottom:0;padding-left:0;padding-right:0;margin-top:0;margin-bottom:0;\" class=\"wp-block-latest-posts__list has-dates alignfull wp-block-latest-posts has-small-font-size\"><li><div class=\"wp-block-latest-posts__featured-image alignleft\"><a href=\"https:\/\/sophie-scholl-schule.eu\/?p=6582\" aria-label=\"UNESCO-Vorlesewettbewerb\"><img decoding=\"async\" loading=\"lazy\" width=\"80\" height=\"80\" src=\"https:\/\/sophie-scholl-schule.eu\/wp-content\/uploads\/2025\/04\/UNESCO-Wettbewerb-Siegerinnen-80x80.jpg\" class=\"wp-image-6583 avia-img-lazy-loading-6583 attachment-thumbnail size-thumbnail wp-post-image\" alt=\"\" style=\"max-width:100px;max-height:100px;\" srcset=\"https:\/\/sophie-scholl-schule.eu\/wp-content\/uploads\/2025\/04\/UNESCO-Wettbewerb-Siegerinnen-80x80.jpg 80w, https:\/\/sophie-scholl-schule.eu\/wp-content\/uploads\/2025\/04\/UNESCO-Wettbewerb-Siegerinnen-36x36.jpg 36w, https:\/\/sophie-scholl-schule.eu\/wp-content\/uploads\/2025\/04\/UNESCO-Wettbewerb-Siegerinnen-180x180.jpg 180w\" sizes=\"auto, (max-width: 80px) 100vw, 80px\" \/><\/a><\/div><a class=\"wp-block-latest-posts__post-title\" href=\"https:\/\/sophie-scholl-schule.eu\/?p=6582\">UNESCO-Vorlesewettbewerb<\/a><time datetime=\"2025-04-20T18:50:19+00:00\" class=\"wp-block-latest-posts__post-date\">20. April 2025<\/time><div class=\"wp-block-latest-posts__post-excerpt\">Am 10.4.2025 fand der diesj\u00e4hrig Vorlesewettbewerb der Berliner UNESCO-Schulen in der Gedenkst\u00e4tte Berliner Mauer statt. Das Thema lautete \u201eAndere Welten\u201c.\u2026\u00a0<a class=\"wp-block-latest-posts__read-more\" href=\"https:\/\/sophie-scholl-schule.eu\/?p=6582\" rel=\"noopener noreferrer\"><span class=\"screen-reader-text\">UNESCO-Vorlesewettbewerb <\/span>weiterlesen<\/a><\/div><\/li>\n<li><div class=\"wp-block-latest-posts__featured-image alignleft\"><a href=\"https:\/\/sophie-scholl-schule.eu\/?p=3642\" aria-label=\"UNESCO-Projekttag 2024\"><img decoding=\"async\" loading=\"lazy\" width=\"80\" height=\"80\" src=\"https:\/\/sophie-scholl-schule.eu\/wp-content\/uploads\/2024\/04\/peaceSkal00001-80x80.jpg\" class=\"wp-image-3638 avia-img-lazy-loading-3638 attachment-thumbnail size-thumbnail wp-post-image\" alt=\"peaceSkal00001\" style=\"max-width:100px;max-height:100px;\" srcset=\"https:\/\/sophie-scholl-schule.eu\/wp-content\/uploads\/2024\/04\/peaceSkal00001-80x80.jpg 80w, https:\/\/sophie-scholl-schule.eu\/wp-content\/uploads\/2024\/04\/peaceSkal00001-36x36.jpg 36w, https:\/\/sophie-scholl-schule.eu\/wp-content\/uploads\/2024\/04\/peaceSkal00001-180x180.jpg 180w\" sizes=\"auto, (max-width: 80px) 100vw, 80px\" \/><\/a><\/div><a class=\"wp-block-latest-posts__post-title\" href=\"https:\/\/sophie-scholl-schule.eu\/?p=3642\">UNESCO-Projekttag 2024<\/a><time datetime=\"2024-04-11T13:02:35+00:00\" class=\"wp-block-latest-posts__post-date\">11. April 2024<\/time><div class=\"wp-block-latest-posts__post-excerpt\">#H\u00e4ndeReichen #Br\u00fcckenBauen &#8211; zum Video<\/div><\/li>\n<li><div class=\"wp-block-latest-posts__featured-image alignleft\"><a href=\"https:\/\/sophie-scholl-schule.eu\/?p=3610\" aria-label=\"Briefmarken f\u00fcr die Menschenrechte\"><img decoding=\"async\" loading=\"lazy\" width=\"80\" height=\"80\" src=\"https:\/\/sophie-scholl-schule.eu\/wp-content\/uploads\/2023\/12\/dreibriefmarkenText-80x80.jpg\" class=\"wp-image-3606 avia-img-lazy-loading-3606 attachment-thumbnail size-thumbnail wp-post-image\" alt=\"dreibriefmarkenText\" style=\"max-width:100px;max-height:100px;\" srcset=\"https:\/\/sophie-scholl-schule.eu\/wp-content\/uploads\/2023\/12\/dreibriefmarkenText-80x80.jpg 80w, https:\/\/sophie-scholl-schule.eu\/wp-content\/uploads\/2023\/12\/dreibriefmarkenText-36x36.jpg 36w, https:\/\/sophie-scholl-schule.eu\/wp-content\/uploads\/2023\/12\/dreibriefmarkenText-180x180.jpg 180w\" sizes=\"auto, (max-width: 80px) 100vw, 80px\" \/><\/a><\/div><a class=\"wp-block-latest-posts__post-title\" href=\"https:\/\/sophie-scholl-schule.eu\/?p=3610\">Briefmarken f\u00fcr die Menschenrechte<\/a><time datetime=\"2023-12-19T11:36:07+00:00\" class=\"wp-block-latest-posts__post-date\">19. Dezember 2023<\/time><div class=\"wp-block-latest-posts__post-excerpt\"><\/div><\/li>\n<li><div class=\"wp-block-latest-posts__featured-image alignleft\"><a href=\"https:\/\/sophie-scholl-schule.eu\/?p=3290\" aria-label=\"23. April &#8211; Welttag des Buches\"><img decoding=\"async\" loading=\"lazy\" width=\"80\" height=\"80\" src=\"https:\/\/sophie-scholl-schule.eu\/wp-content\/uploads\/2021\/04\/Logo-80x80.jpg\" class=\"wp-image-3288 avia-img-lazy-loading-3288 attachment-thumbnail size-thumbnail wp-post-image\" alt=\"Logo\" style=\"max-width:100px;max-height:100px;\" srcset=\"https:\/\/sophie-scholl-schule.eu\/wp-content\/uploads\/2021\/04\/Logo-80x80.jpg 80w, https:\/\/sophie-scholl-schule.eu\/wp-content\/uploads\/2021\/04\/Logo-36x36.jpg 36w\" sizes=\"auto, (max-width: 80px) 100vw, 80px\" \/><\/a><\/div><a class=\"wp-block-latest-posts__post-title\" href=\"https:\/\/sophie-scholl-schule.eu\/?p=3290\">23. April &#8211; Welttag des Buches<\/a><time datetime=\"2021-04-24T16:40:57+00:00\" class=\"wp-block-latest-posts__post-date\">24. April 2021<\/time><div class=\"wp-block-latest-posts__post-excerpt\"><\/div><\/li>\n<li><div class=\"wp-block-latest-posts__featured-image alignleft\"><a href=\"https:\/\/sophie-scholl-schule.eu\/?p=3264\" aria-label=\"27. Januar 2021 \u2013 Holocaust-Gedenktag\"><img decoding=\"async\" loading=\"lazy\" width=\"80\" height=\"80\" src=\"https:\/\/sophie-scholl-schule.eu\/wp-content\/uploads\/2021\/02\/everyNameCounts-80x80.jpg\" class=\"wp-image-3263 avia-img-lazy-loading-3263 attachment-thumbnail size-thumbnail wp-post-image\" alt=\"everyNameCounts\" style=\"max-width:100px;max-height:100px;\" srcset=\"https:\/\/sophie-scholl-schule.eu\/wp-content\/uploads\/2021\/02\/everyNameCounts-80x80.jpg 80w, https:\/\/sophie-scholl-schule.eu\/wp-content\/uploads\/2021\/02\/everyNameCounts-36x36.jpg 36w\" sizes=\"auto, (max-width: 80px) 100vw, 80px\" \/><\/a><\/div><a class=\"wp-block-latest-posts__post-title\" href=\"https:\/\/sophie-scholl-schule.eu\/?p=3264\">27. Januar 2021 \u2013 Holocaust-Gedenktag<\/a><time datetime=\"2021-02-15T09:28:18+00:00\" class=\"wp-block-latest-posts__post-date\">15. Februar 2021<\/time><div class=\"wp-block-latest-posts__post-excerpt\">&nbsp; Die Sophie-Scholl-Schule nimmt den Holocaust-Gedenktag zum Anlass, sich als Unterst\u00fctzerin f\u00fcr die Arolsen-Archives einzutragen und die Schulgemeinschaft zu ermuntern,\u2026\u00a0<a class=\"wp-block-latest-posts__read-more\" href=\"https:\/\/sophie-scholl-schule.eu\/?p=3264\" rel=\"noopener noreferrer\"><span class=\"screen-reader-text\">27. Januar 2021 \u2013 Holocaust-Gedenktag <\/span>weiterlesen<\/a><\/div><\/li>\n<li><div class=\"wp-block-latest-posts__featured-image alignleft\"><a href=\"https:\/\/sophie-scholl-schule.eu\/?p=3063\" aria-label=\"10. Dezember &#8211; Tag der Menschenrechte 2020\"><img decoding=\"async\" loading=\"lazy\" width=\"80\" height=\"80\" src=\"https:\/\/sophie-scholl-schule.eu\/wp-content\/uploads\/2019\/12\/hearts-80x80.jpg\" class=\"wp-image-3060 avia-img-lazy-loading-3060 attachment-thumbnail size-thumbnail wp-post-image\" alt=\"hearts\" style=\"max-width:100px;max-height:100px;\" srcset=\"https:\/\/sophie-scholl-schule.eu\/wp-content\/uploads\/2019\/12\/hearts-80x80.jpg 80w, https:\/\/sophie-scholl-schule.eu\/wp-content\/uploads\/2019\/12\/hearts-36x36.jpg 36w, https:\/\/sophie-scholl-schule.eu\/wp-content\/uploads\/2019\/12\/hearts-180x180.jpg 180w\" sizes=\"auto, (max-width: 80px) 100vw, 80px\" \/><\/a><\/div><a class=\"wp-block-latest-posts__post-title\" href=\"https:\/\/sophie-scholl-schule.eu\/?p=3063\">10. Dezember &#8211; Tag der Menschenrechte 2020<\/a><time datetime=\"2019-12-16T07:41:01+00:00\" class=\"wp-block-latest-posts__post-date\">16. Dezember 2019<\/time><div class=\"wp-block-latest-posts__post-excerpt\">&nbsp;<\/div><\/li>\n<li><div class=\"wp-block-latest-posts__featured-image alignleft\"><a href=\"https:\/\/sophie-scholl-schule.eu\/?p=3059\" aria-label=\"Lernen zu handeln\"><img decoding=\"async\" loading=\"lazy\" width=\"80\" height=\"80\" src=\"https:\/\/sophie-scholl-schule.eu\/wp-content\/uploads\/2019\/12\/sophieforfutureLogo-80x80.png\" class=\"wp-image-3058 avia-img-lazy-loading-3058 attachment-thumbnail size-thumbnail wp-post-image\" alt=\"sophieforfutureLogo\" style=\"max-width:100px;max-height:100px;\" srcset=\"https:\/\/sophie-scholl-schule.eu\/wp-content\/uploads\/2019\/12\/sophieforfutureLogo-80x80.png 80w, https:\/\/sophie-scholl-schule.eu\/wp-content\/uploads\/2019\/12\/sophieforfutureLogo-36x36.png 36w, https:\/\/sophie-scholl-schule.eu\/wp-content\/uploads\/2019\/12\/sophieforfutureLogo-180x180.png 180w\" sizes=\"auto, (max-width: 80px) 100vw, 80px\" \/><\/a><\/div><a class=\"wp-block-latest-posts__post-title\" href=\"https:\/\/sophie-scholl-schule.eu\/?p=3059\">Lernen zu handeln<\/a><time datetime=\"2019-12-16T07:28:01+00:00\" class=\"wp-block-latest-posts__post-date\">16. Dezember 2019<\/time><div class=\"wp-block-latest-posts__post-excerpt\">1.-6. Dez. 2019 Lernen zu handeln &#8211; Demokratie und Nachhaltigkeit UNESCO Sch\u00fclerseminar 2019<\/div><\/li>\n<li><div class=\"wp-block-latest-posts__featured-image alignleft\"><a href=\"https:\/\/sophie-scholl-schule.eu\/?p=2953\" aria-label=\"Lesewettbewerb Unesco-Projektschulen\"><img decoding=\"async\" loading=\"lazy\" width=\"80\" height=\"80\" src=\"https:\/\/sophie-scholl-schule.eu\/wp-content\/uploads\/2019\/04\/Urkunde-80x80.png\" class=\"wp-image-2952 avia-img-lazy-loading-2952 attachment-thumbnail size-thumbnail wp-post-image\" alt=\"Urkunde\" style=\"max-width:100px;max-height:100px;\" srcset=\"https:\/\/sophie-scholl-schule.eu\/wp-content\/uploads\/2019\/04\/Urkunde-80x80.png 80w, https:\/\/sophie-scholl-schule.eu\/wp-content\/uploads\/2019\/04\/Urkunde-36x36.png 36w, https:\/\/sophie-scholl-schule.eu\/wp-content\/uploads\/2019\/04\/Urkunde-180x180.png 180w\" sizes=\"auto, (max-width: 80px) 100vw, 80px\" \/><\/a><\/div><a class=\"wp-block-latest-posts__post-title\" href=\"https:\/\/sophie-scholl-schule.eu\/?p=2953\">Lesewettbewerb Unesco-Projektschulen<\/a><time datetime=\"2019-04-03T09:54:13+00:00\" class=\"wp-block-latest-posts__post-date\">3. April 2019<\/time><div class=\"wp-block-latest-posts__post-excerpt\">&nbsp;<\/div><\/li>\n<li><div class=\"wp-block-latest-posts__featured-image alignleft\"><a href=\"https:\/\/sophie-scholl-schule.eu\/?p=2929\" aria-label=\"Lesewettbewerb 2019 an der Sophie-Scholl-Schule\"><img decoding=\"async\" loading=\"lazy\" width=\"80\" height=\"80\" src=\"https:\/\/sophie-scholl-schule.eu\/wp-content\/uploads\/2019\/02\/logolesewettbewerb-80x80.jpg\" class=\"wp-image-2926 avia-img-lazy-loading-2926 attachment-thumbnail size-thumbnail wp-post-image\" alt=\"logolesewettbewerb\" style=\"max-width:100px;max-height:100px;\" srcset=\"https:\/\/sophie-scholl-schule.eu\/wp-content\/uploads\/2019\/02\/logolesewettbewerb-80x80.jpg 80w, https:\/\/sophie-scholl-schule.eu\/wp-content\/uploads\/2019\/02\/logolesewettbewerb-36x36.jpg 36w, https:\/\/sophie-scholl-schule.eu\/wp-content\/uploads\/2019\/02\/logolesewettbewerb-180x180.jpg 180w\" sizes=\"auto, (max-width: 80px) 100vw, 80px\" \/><\/a><\/div><a class=\"wp-block-latest-posts__post-title\" href=\"https:\/\/sophie-scholl-schule.eu\/?p=2929\">Lesewettbewerb 2019 an der Sophie-Scholl-Schule<\/a><time datetime=\"2019-02-19T07:30:16+00:00\" class=\"wp-block-latest-posts__post-date\">19. Februar 2019<\/time><div class=\"wp-block-latest-posts__post-excerpt\">Weiterlesen &nbsp; &nbsp;<\/div><\/li>\n<li><a class=\"wp-block-latest-posts__post-title\" href=\"https:\/\/sophie-scholl-schule.eu\/?p=2925\">\u201eSharing heritage \u2013 Sharing values\u201c<\/a><time datetime=\"2019-02-13T12:54:36+00:00\" class=\"wp-block-latest-posts__post-date\">13. Februar 2019<\/time><div class=\"wp-block-latest-posts__post-excerpt\">Experience cultural heritage in Berlin 46. Internationales Sch\u00fclerseminar der Berliner UNESCO-Projektschulen vom 25.-30. November 2018 An dem Seminar nahmen 24\u2026\u00a0<a class=\"wp-block-latest-posts__read-more\" href=\"https:\/\/sophie-scholl-schule.eu\/?p=2925\" rel=\"noopener noreferrer\"><span class=\"screen-reader-text\">\u201eSharing heritage \u2013 Sharing values\u201c <\/span>weiterlesen<\/a><\/div><\/li>\n<\/ul><\/div>\n<\/div>\n\n\n\n<p class=\"has-text-align-right\"><a href=\"https:\/\/sophie-scholl-schule.eu\/?cat=149\" data-type=\"link\" data-id=\"https:\/\/sophie-scholl-schule.eu\/?cat=149\">\u00c4ltere Beitr\u00e4ge anzeigen&#8230;<\/a><\/p>\n","protected":false},"excerpt":{"rendered":"<p>In einem weltweiten NetzwerkLernen f\u00fcr das Leben in der Weltgesellschaft Unsere Neuigkeiten \u00c4ltere Beitr\u00e4ge anzeigen&#8230;<\/p>\n","protected":false},"author":1,"featured_media":0,"parent":3698,"menu_order":8,"comment_status":"closed","ping_status":"closed","template":"","meta":{"footnotes":""},"class_list":["post-3740","page","type-page","status-publish","hentry"],"_links":{"self":[{"href":"https:\/\/sophie-scholl-schule.eu\/index.php?rest_route=\/wp\/v2\/pages\/3740","targetHints":{"allow":["GET"]}}],"collection":[{"href":"https:\/\/sophie-scholl-schule.eu\/index.php?rest_route=\/wp\/v2\/pages"}],"about":[{"href":"https:\/\/sophie-scholl-schule.eu\/index.php?rest_route=\/wp\/v2\/types\/page"}],"author":[{"embeddable":true,"href":"https:\/\/sophie-scholl-schule.eu\/index.php?rest_route=\/wp\/v2\/users\/1"}],"replies":[{"embeddable":true,"href":"https:\/\/sophie-scholl-schule.eu\/index.php?rest_route=%2Fwp%2Fv2%2Fcomments&post=3740"}],"version-history":[{"count":6,"href":"https:\/\/sophie-scholl-schule.eu\/index.php?rest_route=\/wp\/v2\/pages\/3740\/revisions"}],"predecessor-version":[{"id":4181,"href":"https:\/\/sophie-scholl-schule.eu\/index.php?rest_route=\/wp\/v2\/pages\/3740\/revisions\/4181"}],"up":[{"embeddable":true,"href":"https:\/\/sophie-scholl-schule.eu\/index.php?rest_route=\/wp\/v2\/pages\/3698"}],"wp:attachment":[{"href":"https:\/\/sophie-scholl-schule.eu\/index.php?rest_route=%2Fwp%2Fv2%2Fmedia&parent=3740"}],"curies":[{"name":"wp","href":"https:\/\/api.w.org\/{rel}","templated":true}]}}