{"id":21,"date":"2024-04-03T12:20:35","date_gmt":"2024-04-03T12:20:35","guid":{"rendered":"https:\/\/sophie-scholl-schule.eu\/?page_id=21"},"modified":"2026-01-21T12:35:26","modified_gmt":"2026-01-21T12:35:26","slug":"musik","status":"publish","type":"page","link":"https:\/\/sophie-scholl-schule.eu\/?page_id=21","title":{"rendered":"Musik"},"content":{"rendered":"\n<h2 class=\"wp-block-heading\">Willkommen im Fachbereich Musik!<\/h2>\n\n\n\n<figure class=\"wp-block-image aligncenter size-full is-resized\"><img loading=\"lazy\" decoding=\"async\" width=\"960\" height=\"646\" src=\"https:\/\/sophie-scholl-schule.eu\/wp-content\/uploads\/2024\/10\/Musikbild.jpg\" alt=\"\" class=\"wp-image-4443\" style=\"width:500px\" srcset=\"https:\/\/sophie-scholl-schule.eu\/wp-content\/uploads\/2024\/10\/Musikbild.jpg 960w, https:\/\/sophie-scholl-schule.eu\/wp-content\/uploads\/2024\/10\/Musikbild-300x202.jpg 300w, https:\/\/sophie-scholl-schule.eu\/wp-content\/uploads\/2024\/10\/Musikbild-768x517.jpg 768w, https:\/\/sophie-scholl-schule.eu\/wp-content\/uploads\/2024\/10\/Musikbild-705x474.jpg 705w\" sizes=\"auto, (max-width: 960px) 100vw, 960px\" \/><\/figure>\n\n\n\n<p>&#8222;Musik macht das Herz weich. Ganz still und ohne Gewalt macht sie die T\u00fcr zur Seele auf.&#8220; &#8211; Sophie Scholl<\/p>\n\n\n\n<figure class=\"wp-block-embed aligncenter is-type-video is-provider-youtube wp-block-embed-youtube wp-embed-aspect-16-9 wp-has-aspect-ratio\" style=\"margin-top:0;margin-bottom:0\"><div class=\"wp-block-embed__wrapper\">\n<div class='avia-iframe-wrap'><iframe loading=\"lazy\" title=\"Sophie Scholl   Wahlprofil MUSIK\" width=\"1500\" height=\"844\" src=\"https:\/\/www.youtube.com\/embed\/a7K0gLhYMbg?feature=oembed\" frameborder=\"0\" allow=\"accelerometer; autoplay; clipboard-write; encrypted-media; gyroscope; picture-in-picture; web-share\" referrerpolicy=\"strict-origin-when-cross-origin\" allowfullscreen><\/iframe><\/div>\n<\/div><\/figure>\n\n\n\n<p>Unser Team:<\/p>\n\n\n\n<p>Frau Amtmann, Frau Grenz, Herr Schmidt, Frau Seemann, Frau Vogel (Fachleitung) <\/p>\n\n\n\n<p>Jedes Jahr wird an der Sophie-Scholl-Schule eine musikbetonte Klasse eingerichtet. In diesen Wahlpflichtklassen lernen die Sch\u00fclerinnen und Sch\u00fcler eines von 10 verschiedenen Orchesterinstrumenten und musizieren als Klassenorchester mehrere Stunden in der Woche und f\u00fchren mehrmals im Jahr auf Klassenvorspielabenden oder in schulweiten&nbsp;Konzerten verschiedene St\u00fccke aus Klassik, Big Band, Jazz, Weltmusik und Filmmusik auf. Der Unterricht am Instrument wird einmal die Woche von erfahrenen Instrumentallehrerinnen und Instrumentallehrern erteilt.<\/p>\n\n\n\n<p><a href=\"https:\/\/sophie-scholl-schule.eu\/?page_id=4445\" data-type=\"page\" data-id=\"4445\">Lesen Sie hier mehr \u00fcber unsere Wahlpflichtklassen<\/a><\/p>\n\n\n\n<p>Unabh\u00e4ngig von den Musikklassen gibt es an der Sophie-Scholl-Schule ein vielf\u00e4ltiges Angebot an Musik-AGs, bei denen alle Sch\u00fclerinnen und Sch\u00fcler herzlich willkommen sind. Neben der Musical-AG mit Musical-Band und Chor, die j\u00e4hrlich ein Musical auff\u00fchrt, gibt es auch noch ein gro\u00dfes Orchester und die Big-Band-AG. Au\u00dferdem findet einmal j\u00e4hrlich eine &#8222;offene B\u00fchne&#8220; statt, bei der Sch\u00fcler aller Klassen, Neigungen und Jahrg\u00e4nge zeigen k\u00f6nnen, dass sie &#8222;Stars on Stage&#8220; sind.\u00a0<\/p>\n\n\n\n<p>Hier k\u00f6nnen Sie sich \u00fcber das&nbsp;<strong>AG-Angebot<\/strong>&nbsp;der Schule informieren:<br>&#8211; <a href=\"https:\/\/sophie-scholl-schule.eu\/?page_id=4376\" data-type=\"page\" data-id=\"4376\">Musical<\/a><br>&#8211; <a href=\"https:\/\/sophie-scholl-schule.eu\/?page_id=3916\" data-type=\"page\" data-id=\"3916\">Orchester<\/a><br>&#8211; <a href=\"https:\/\/sophie-scholl-schule.eu\/?page_id=4009\" data-type=\"page\" data-id=\"4009\">Big Band<\/a><\/p>\n\n\n\n<p>In der&nbsp;<a href=\"https:\/\/sophie-scholl-schule.eu\/?page_id=4449\" data-type=\"page\" data-id=\"4449\">Oberstufe<\/a>&nbsp;haben wir neben mehreren Basiskursen Musik in der 11. Klasse einen eigenen Leistungskurs (in Berlin keine Selbstverst\u00e4ndlichkeit!) und ein bis zwei Grundkurse Musik. Au\u00dferdem werden die Kurse &#8222;Musical&#8220; und &#8222;Orchester&#8220; als Zusatzkurse f\u00fcr den 12. Jahrgang angeboten.<\/p>\n\n\n\n<p>Wir bem\u00fchen uns, auch au\u00dferschulische Partner in das vielf\u00e4ltige Musikangebot der Sophie-Scholl-Schule einzubeziehen. So finden jedes Jahr verschiedenste Projekte, u.a. mit dem Rundfunk-Sinfonieorchester Berlin (RSB) und dem Landesmusikrat Berlin (LMR), aber auch&nbsp;Exkursionen, Vortr\u00e4ge und Workshops&nbsp;mit Musikern Berlins statt.<\/p>\n\n\n\n<p><\/p>\n","protected":false},"excerpt":{"rendered":"<p>Willkommen im Fachbereich Musik! &#8222;Musik macht das Herz weich. Ganz still und ohne Gewalt macht sie die T\u00fcr zur Seele auf.&#8220; &#8211; Sophie Scholl Unser Team: Frau Amtmann, Frau Grenz, Herr Schmidt, Frau Seemann, Frau Vogel (Fachleitung) Jedes Jahr wird an der Sophie-Scholl-Schule eine musikbetonte Klasse eingerichtet. In diesen Wahlpflichtklassen lernen die Sch\u00fclerinnen und Sch\u00fcler [&hellip;]<\/p>\n","protected":false},"author":5,"featured_media":0,"parent":17,"menu_order":1,"comment_status":"closed","ping_status":"closed","template":"","meta":{"footnotes":""},"class_list":["post-21","page","type-page","status-publish","hentry"],"_links":{"self":[{"href":"https:\/\/sophie-scholl-schule.eu\/index.php?rest_route=\/wp\/v2\/pages\/21","targetHints":{"allow":["GET"]}}],"collection":[{"href":"https:\/\/sophie-scholl-schule.eu\/index.php?rest_route=\/wp\/v2\/pages"}],"about":[{"href":"https:\/\/sophie-scholl-schule.eu\/index.php?rest_route=\/wp\/v2\/types\/page"}],"author":[{"embeddable":true,"href":"https:\/\/sophie-scholl-schule.eu\/index.php?rest_route=\/wp\/v2\/users\/5"}],"replies":[{"embeddable":true,"href":"https:\/\/sophie-scholl-schule.eu\/index.php?rest_route=%2Fwp%2Fv2%2Fcomments&post=21"}],"version-history":[{"count":14,"href":"https:\/\/sophie-scholl-schule.eu\/index.php?rest_route=\/wp\/v2\/pages\/21\/revisions"}],"predecessor-version":[{"id":7028,"href":"https:\/\/sophie-scholl-schule.eu\/index.php?rest_route=\/wp\/v2\/pages\/21\/revisions\/7028"}],"up":[{"embeddable":true,"href":"https:\/\/sophie-scholl-schule.eu\/index.php?rest_route=\/wp\/v2\/pages\/17"}],"wp:attachment":[{"href":"https:\/\/sophie-scholl-schule.eu\/index.php?rest_route=%2Fwp%2Fv2%2Fmedia&parent=21"}],"curies":[{"name":"wp","href":"https:\/\/api.w.org\/{rel}","templated":true}]}}